CRAN Package Check Results for Package fastM

Last updated on 2022-11-28 22:51:22 CET.

Flavor Version Tinstall Tcheck Ttotal Status Flags
r-devel-linux-x86_64-debian-clang 0.0-4 38.24 32.30 70.54 OK
r-devel-linux-x86_64-debian-gcc 0.0-4 24.07 25.36 49.43 OK
r-devel-linux-x86_64-fedora-clang 0.0-4 99.65 NOTE
r-devel-linux-x86_64-fedora-gcc 0.0-4 96.77 OK
r-devel-windows-x86_64 0.0-4 32.00 86.00 118.00 OK
r-patched-linux-x86_64 0.0-4 27.22 30.91 58.13 OK
r-release-linux-x86_64 0.0-4 28.24 31.56 59.80 OK
r-release-macos-arm64 0.0-4 30.00 OK
r-release-macos-x86_64 0.0-4 39.00 OK
r-release-windows-x86_64 0.0-4 33.00 82.00 115.00 OK
r-oldrel-macos-arm64 0.0-4 32.00 OK
r-oldrel-macos-x86_64 0.0-4 47.00 OK
r-oldrel-windows-ix86+x86_64 0.0-4 79.00 75.00 154.00 OK

Check Details

Version: 0.0-4
Check: Rd cross-references
Result: NOTE
    Undeclared packages ‘ICSNP’, ‘ICS’ in Rd xrefs
Flavor: r-devel-linux-x86_64-fedora-clang