CRAN Package Check Results for Package fastDummies

Last updated on 2022-05-27 23:54:45 CEST.

Flavor Version Tinstall Tcheck Ttotal Status Flags
r-devel-linux-x86_64-debian-clang 1.6.3 2.52 44.48 47.00 NOTE
r-devel-linux-x86_64-debian-gcc 1.6.3 1.99 33.69 35.68 NOTE
r-devel-linux-x86_64-fedora-clang 1.6.3 55.39 NOTE
r-devel-linux-x86_64-fedora-gcc 1.6.3 54.16 NOTE
r-devel-windows-x86_64 1.6.3 22.00 64.00 86.00 NOTE
r-patched-linux-x86_64 1.6.3 1.81 42.58 44.39 NOTE
r-release-linux-x86_64 1.6.3 2.54 41.93 44.47 NOTE
r-release-macos-arm64 1.6.3 20.00 NOTE
r-release-macos-x86_64 1.6.3 26.00 NOTE
r-release-windows-x86_64 1.6.3 35.00 64.00 99.00 NOTE
r-oldrel-macos-arm64 1.6.3 23.00 NOTE
r-oldrel-macos-x86_64 1.6.3 37.00 NOTE
r-oldrel-windows-ix86+x86_64 1.6.3 11.00 53.00 64.00 NOTE

Check Details

Version: 1.6.3
Check: LazyData
Result: NOTE
     'LazyData' is specified without a 'data' directory
Flavors: r-devel-linux-x86_64-debian-clang, r-devel-linux-x86_64-debian-gcc, r-devel-linux-x86_64-fedora-clang, r-devel-linux-x86_64-fedora-gcc, r-devel-windows-x86_64, r-patched-linux-x86_64, r-release-linux-x86_64, r-release-macos-arm64, r-release-macos-x86_64, r-release-windows-x86_64, r-oldrel-macos-arm64, r-oldrel-macos-x86_64, r-oldrel-windows-ix86+x86_64