CRAN Package Check Results for Package fanovaGraph

Last updated on 2021-01-18 23:49:29 CET.

Flavor Version Tinstall Tcheck Ttotal Status Flags
r-devel-linux-x86_64-debian-clang 1.5 7.54 110.59 118.13 OK
r-devel-linux-x86_64-debian-gcc 1.5 6.10 81.79 87.89 OK
r-devel-linux-x86_64-fedora-clang 1.5 149.53 OK
r-devel-linux-x86_64-fedora-gcc 1.5 138.98 OK
r-devel-windows-ix86+x86_64 1.5 12.00 109.00 121.00 OK
r-patched-linux-x86_64 1.5 7.56 102.42 109.98 OK
r-patched-solaris-x86 1.5 194.60 OK
r-release-linux-x86_64 1.5 8.01 104.30 112.31 OK
r-release-macos-x86_64 1.5 OK
r-release-windows-ix86+x86_64 1.5 18.00 106.00 124.00 OK
r-oldrel-macos-x86_64 1.5 WARN
r-oldrel-windows-ix86+x86_64 1.5 10.00 94.00 104.00 OK

Check Details

Version: 1.5
Check: dependencies in R code
Result: NOTE
    No protocol specified
    No protocol specified
Flavor: r-oldrel-macos-x86_64

Version: 1.5
Check: S3 generic/method consistency
Result: WARN
    No protocol specified
    No protocol specified
    See section ‘Generic functions and methods’ in the ‘Writing R
    Extensions’ manual.
Flavor: r-oldrel-macos-x86_64

Version: 1.5
Check: replacement functions
Result: WARN
    No protocol specified
    No protocol specified
    The argument of a replacement function which corresponds to the right
    hand side must be named ‘value’.
Flavor: r-oldrel-macos-x86_64

Version: 1.5
Check: foreign function calls
Result: NOTE
    No protocol specified
    No protocol specified
    See chapter ‘System and foreign language interfaces’ in the ‘Writing R
    Extensions’ manual.
Flavor: r-oldrel-macos-x86_64

Version: 1.5
Check: R code for possible problems
Result: NOTE
    No protocol specified
    No protocol specified
Flavor: r-oldrel-macos-x86_64

Version: 1.5
Check: for missing documentation entries
Result: WARN
    No protocol specified
    No protocol specified
    All user-level objects in a package should have documentation entries.
    See chapter ‘Writing R documentation files’ in the ‘Writing R
    Extensions’ manual.
Flavor: r-oldrel-macos-x86_64

Version: 1.5
Check: for code/documentation mismatches
Result: WARN
    No protocol specified
    No protocol specified
    No protocol specified
    No protocol specified
    No protocol specified
    No protocol specified
Flavor: r-oldrel-macos-x86_64

Version: 1.5
Check: Rd \usage sections
Result: NOTE
    No protocol specified
    No protocol specified
    The \usage entries for S3 methods should use the \method markup and not
    their full name.
    See chapter ‘Writing R documentation files’ in the ‘Writing R
    Extensions’ manual.
Flavor: r-oldrel-macos-x86_64