CRAN Package Check Results for Package fakeR

Last updated on 2020-02-17 00:49:10 CET.

Flavor Version Tinstall Tcheck Ttotal Status Flags
r-devel-linux-x86_64-debian-clang 1.0 3.82 40.64 44.46 NOTE
r-devel-linux-x86_64-debian-gcc 1.0 3.37 33.31 36.68 NOTE
r-devel-linux-x86_64-fedora-clang 1.0 56.30 OK
r-devel-linux-x86_64-fedora-gcc 1.0 53.06 OK
r-devel-windows-ix86+x86_64 1.0 9.00 57.00 66.00 NOTE
r-devel-windows-ix86+x86_64-gcc8 1.0 12.00 73.00 85.00 NOTE
r-patched-linux-x86_64 1.0 2.77 36.39 39.16 OK
r-patched-solaris-x86 1.0 75.20 OK
r-release-linux-x86_64 1.0 3.17 36.24 39.41 OK
r-release-windows-ix86+x86_64 1.0 7.00 48.00 55.00 OK
r-release-osx-x86_64 1.0 OK
r-oldrel-windows-ix86+x86_64 1.0 3.00 86.00 89.00 OK
r-oldrel-osx-x86_64 1.0 OK

Check Details

Version: 1.0
Check: package vignettes
Result: NOTE
    Package vignette with placeholder title 'Vignette Title':
     'my-vignette.Rmd'
Flavors: r-devel-linux-x86_64-debian-clang, r-devel-linux-x86_64-debian-gcc, r-devel-windows-ix86+x86_64, r-devel-windows-ix86+x86_64-gcc8