CRAN Package Check Results for Package fakeR

Last updated on 2019-09-15 23:46:19 CEST.

Flavor Version Tinstall Tcheck Ttotal Status Flags
r-devel-linux-x86_64-debian-clang 1.0 3.53 36.79 40.32 NOTE
r-devel-linux-x86_64-debian-gcc 1.0 2.58 30.04 32.62 NOTE
r-devel-linux-x86_64-fedora-clang 1.0 48.91 OK
r-devel-linux-x86_64-fedora-gcc 1.0 48.17 OK
r-devel-windows-ix86+x86_64 1.0 12.00 48.00 60.00 NOTE
r-patched-linux-x86_64 1.0 3.46 36.67 40.13 OK
r-patched-solaris-x86 1.0 74.00 OK
r-release-linux-x86_64 1.0 2.86 36.35 39.21 OK
r-release-windows-ix86+x86_64 1.0 8.00 71.00 79.00 OK
r-release-osx-x86_64 1.0 OK
r-oldrel-windows-ix86+x86_64 1.0 5.00 49.00 54.00 OK
r-oldrel-osx-x86_64 1.0 OK

Check Details

Version: 1.0
Check: package vignettes
Result: NOTE
    Package vignette with placeholder title 'Vignette Title':
     'my-vignette.Rmd'
Flavors: r-devel-linux-x86_64-debian-clang, r-devel-linux-x86_64-debian-gcc, r-devel-windows-ix86+x86_64