CRAN Package Check Results for Package factorMerger

Last updated on 2020-02-17 00:49:10 CET.

Flavor Version Tinstall Tcheck Ttotal Status Flags
r-devel-linux-x86_64-debian-clang 0.4.0 12.59 169.14 181.73 OK
r-devel-linux-x86_64-debian-gcc 0.4.0 8.90 126.73 135.63 OK
r-devel-linux-x86_64-fedora-clang 0.4.0 209.24 NOTE
r-devel-linux-x86_64-fedora-gcc 0.4.0 216.53 NOTE
r-devel-windows-ix86+x86_64 0.4.0 28.00 183.00 211.00 OK
r-devel-windows-ix86+x86_64-gcc8 0.4.0 52.00 234.00 286.00 OK
r-patched-linux-x86_64 0.4.0 12.53 144.77 157.30 OK
r-patched-solaris-x86 0.4.0 280.20 NOTE
r-release-linux-x86_64 0.4.0 11.32 146.28 157.60 OK
r-release-windows-ix86+x86_64 0.4.0 26.00 159.00 185.00 OK
r-release-osx-x86_64 0.4.0 NOTE
r-oldrel-windows-ix86+x86_64 0.4.0 14.00 155.00 169.00 OK
r-oldrel-osx-x86_64 0.4.0 NOTE

Check Details

Version: 0.4.0
Check: dependencies in R code
Result: NOTE
    Namespaces in Imports field not imported from:
     ‘forcats’ ‘formula.tools’
     All declared Imports should be used.
Flavors: r-devel-linux-x86_64-fedora-clang, r-devel-linux-x86_64-fedora-gcc, r-patched-solaris-x86, r-release-osx-x86_64, r-oldrel-osx-x86_64