CRAN Package Check Results for Package factorMerger

Last updated on 2019-09-15 23:46:19 CEST.

Flavor Version Tinstall Tcheck Ttotal Status Flags
r-devel-linux-x86_64-debian-clang 0.4.0 12.48 174.31 186.79 OK
r-devel-linux-x86_64-debian-gcc 0.4.0 11.07 133.30 144.37 OK
r-devel-linux-x86_64-fedora-clang 0.4.0 221.21 NOTE
r-devel-linux-x86_64-fedora-gcc 0.4.0 218.32 NOTE
r-devel-windows-ix86+x86_64 0.4.0 57.00 192.00 249.00 OK
r-patched-linux-x86_64 0.4.0 12.78 167.79 180.57 OK
r-patched-solaris-x86 0.4.0 352.50 NOTE
r-release-linux-x86_64 0.4.0 14.77 166.64 181.41 OK
r-release-windows-ix86+x86_64 0.4.0 33.00 258.00 291.00 OK
r-release-osx-x86_64 0.4.0 NOTE
r-oldrel-windows-ix86+x86_64 0.4.0 41.00 196.00 237.00 OK
r-oldrel-osx-x86_64 0.4.0 NOTE

Check Details

Version: 0.4.0
Check: dependencies in R code
Result: NOTE
    Namespaces in Imports field not imported from:
     ‘forcats’ ‘formula.tools’
     All declared Imports should be used.
Flavors: r-devel-linux-x86_64-fedora-clang, r-devel-linux-x86_64-fedora-gcc, r-patched-solaris-x86, r-release-osx-x86_64, r-oldrel-osx-x86_64