CRAN Package Check Results for Package fabletools

Last updated on 2022-11-30 23:54:39 CET.

Flavor Version Tinstall Tcheck Ttotal Status Flags
r-devel-linux-x86_64-debian-clang 0.3.2 18.84 241.53 260.37 OK
r-devel-linux-x86_64-debian-gcc 0.3.2 13.96 176.44 190.40 OK
r-devel-linux-x86_64-fedora-clang 0.3.2 319.49 NOTE
r-devel-linux-x86_64-fedora-gcc 0.3.2 328.80 OK
r-devel-windows-x86_64 0.3.2 180.00 289.00 469.00 OK
r-patched-linux-x86_64 0.3.2 26.25 219.88 246.13 OK
r-release-linux-x86_64 0.3.2 17.81 222.27 240.08 OK
r-release-macos-arm64 0.3.2 75.00 OK
r-release-macos-x86_64 0.3.2 149.00 OK
r-release-windows-x86_64 0.3.2 124.00 275.00 399.00 OK
r-oldrel-macos-arm64 0.3.2 382.00 OK
r-oldrel-macos-x86_64 0.3.2 95.00 OK
r-oldrel-windows-ix86+x86_64 0.3.2 34.00 251.00 285.00 OK

Check Details

Version: 0.3.2
Check: Rd cross-references
Result: NOTE
    Undeclared package ‘future’ in Rd xrefs
Flavor: r-devel-linux-x86_64-fedora-clang