CRAN Package Check Results for Package fDMA

Last updated on 2019-06-07 02:50:51 CEST.

Flavor Version Tinstall Tcheck Ttotal Status Flags
r-devel-linux-x86_64-debian-clang 2.2.4 34.35 100.44 134.79 NOTE
r-devel-linux-x86_64-debian-gcc 2.2.4 27.03 76.09 103.12 NOTE
r-devel-linux-x86_64-fedora-clang 2.2.4 171.06 NOTE
r-devel-linux-x86_64-fedora-gcc 2.2.4 171.16 NOTE
r-devel-windows-ix86+x86_64 2.2.4 111.00 214.00 325.00 NOTE
r-patched-linux-x86_64 2.2.4 34.13 98.22 132.35 NOTE
r-patched-solaris-x86 2.2.4 205.60 NOTE
r-release-linux-x86_64 2.2.4 33.75 98.44 132.19 NOTE
r-release-windows-ix86+x86_64 2.2.4 107.00 224.00 331.00 NOTE
r-release-osx-x86_64 2.2.4 NOTE
r-oldrel-windows-ix86+x86_64 2.2.4 65.00 150.00 215.00 OK
r-oldrel-osx-x86_64 2.2.4 OK

Check Details

Version: 2.2.4
Check: line endings in C/C++/Fortran sources/headers
Result: NOTE
    Found the following sources/headers with CR or CRLF line endings:
     inst/include/fDMA.h
    Some Unix compilers require LF line endings.
Flavors: r-devel-linux-x86_64-debian-clang, r-devel-linux-x86_64-debian-gcc, r-devel-linux-x86_64-fedora-clang, r-devel-linux-x86_64-fedora-gcc, r-devel-windows-ix86+x86_64, r-patched-linux-x86_64, r-patched-solaris-x86, r-release-linux-x86_64, r-release-windows-ix86+x86_64, r-release-osx-x86_64