CRAN Package Check Results for Package fBasics

Last updated on 2019-09-15 23:46:19 CEST.

Flavor Version Tinstall Tcheck Ttotal Status Flags
r-devel-linux-x86_64-debian-clang 3042.89 77.79 146.08 223.87 OK
r-devel-linux-x86_64-debian-gcc 3042.89 58.98 113.68 172.66 OK
r-devel-linux-x86_64-fedora-clang 3042.89 270.43 NOTE
r-devel-linux-x86_64-fedora-gcc 3042.89 247.34 NOTE
r-devel-windows-ix86+x86_64 3042.89 115.00 193.00 308.00 OK
r-patched-linux-x86_64 3042.89 61.81 144.44 206.25 OK
r-patched-solaris-x86 3042.89 383.10 OK
r-release-linux-x86_64 3042.89 65.56 144.16 209.72 OK
r-release-windows-ix86+x86_64 3042.89 85.00 242.00 327.00 OK
r-release-osx-x86_64 3042.89 OK
r-oldrel-windows-ix86+x86_64 3042.89 106.00 177.00 283.00 OK
r-oldrel-osx-x86_64 3042.89 OK

Check Details

Version: 3042.89
Check: compiled code
Result: NOTE
    File ‘fBasics/libs/fBasics.so’:
     Found no calls to: ‘R_registerRoutines’, ‘R_useDynamicSymbols’
    
    It is good practice to register native routines and to disable symbol
    search.
    
    See ‘Writing portable packages’ in the ‘Writing R Extensions’ manual.
Flavors: r-devel-linux-x86_64-fedora-clang, r-devel-linux-x86_64-fedora-gcc