CRAN Package Check Results for Package ezpickr

Last updated on 2019-07-22 06:47:37 CEST.

Flavor Version Tinstall Tcheck Ttotal Status Flags
r-devel-linux-x86_64-debian-clang 1.0.5 1.74 22.75 24.49 OK
r-devel-linux-x86_64-debian-gcc 1.0.5 1.39 18.16 19.55 OK
r-devel-linux-x86_64-fedora-clang 1.0.5 29.43 OK
r-devel-linux-x86_64-fedora-gcc 1.0.5 28.57 OK
r-devel-windows-ix86+x86_64 1.0.5 4.00 61.00 65.00 OK
r-patched-linux-x86_64 1.0.5 1.93 22.46 24.39 OK
r-patched-solaris-x86 1.0.5 46.70 NOTE
r-release-linux-x86_64 1.0.5 1.81 22.39 24.20 OK
r-release-windows-ix86+x86_64 1.0.5 5.00 40.00 45.00 OK
r-release-osx-x86_64 1.0.5 OK
r-oldrel-windows-ix86+x86_64 1.0.5 5.00 55.00 60.00 OK
r-oldrel-osx-x86_64 1.0.5 OK

Check Details

Version: 1.0.5
Check: package dependencies
Result: NOTE
    Package suggested but not available for checking: ‘tesseract’
Flavor: r-patched-solaris-x86