CRAN Package Check Results for Package ezpickr

Last updated on 2019-11-10 23:48:26 CET.

Flavor Version Tinstall Tcheck Ttotal Status Flags
r-devel-linux-x86_64-debian-clang 1.2.0 2.34 23.80 26.14 OK
r-devel-linux-x86_64-debian-gcc 1.2.0 1.80 18.82 20.62 OK
r-devel-linux-x86_64-fedora-clang 1.2.0 34.58 WARN
r-devel-linux-x86_64-fedora-gcc 1.2.0 33.06 NOTE
r-devel-windows-ix86+x86_64 1.2.0 7.00 43.00 50.00 OK
r-patched-linux-x86_64 1.2.0 1.70 22.89 24.59 OK
r-patched-solaris-x86 1.2.0 46.10 NOTE
r-release-linux-x86_64 1.2.0 1.93 23.16 25.09 OK
r-release-windows-ix86+x86_64 1.2.0 6.00 62.00 68.00 OK
r-release-osx-x86_64 1.2.0 NOTE
r-oldrel-windows-ix86+x86_64 1.2.0 5.00 50.00 55.00 OK
r-oldrel-osx-x86_64 1.2.0 NOTE

Check Details

Version: 1.2.0
Check: dependencies in R code
Result: NOTE
    Namespace in Imports field not imported from: ‘vroom’
     All declared Imports should be used.
Flavors: r-devel-linux-x86_64-fedora-clang, r-devel-linux-x86_64-fedora-gcc, r-patched-solaris-x86, r-release-osx-x86_64, r-oldrel-osx-x86_64

Version: 1.2.0
Check: Rd cross-references
Result: WARN
    Unknown package ‘BrailleR’ in Rd xrefs
Flavor: r-devel-linux-x86_64-fedora-clang

Version: 1.2.0
Check: package dependencies
Result: NOTE
    Package suggested but not available for checking: ‘tesseract’
Flavor: r-patched-solaris-x86