CRAN Package Check Results for Package ezmmek

Last updated on 2022-12-01 23:51:42 CET.

Flavor Version Tinstall Tcheck Ttotal Status Flags
r-devel-linux-x86_64-debian-clang 0.2.4 2.73 45.39 48.12 NOTE
r-devel-linux-x86_64-debian-gcc 0.2.4 2.15 34.16 36.31 NOTE
r-devel-linux-x86_64-fedora-clang 0.2.4 68.67 NOTE
r-devel-linux-x86_64-fedora-gcc 0.2.4 70.60 NOTE
r-devel-windows-x86_64 0.2.4 34.00 82.00 116.00 NOTE
r-patched-linux-x86_64 0.2.4 2.95 41.85 44.80 NOTE
r-release-linux-x86_64 0.2.4 2.64 42.17 44.81 NOTE
r-release-macos-arm64 0.2.4 24.00 NOTE
r-release-macos-x86_64 0.2.4 42.00 NOTE
r-release-windows-x86_64 0.2.4 28.00 82.00 110.00 NOTE
r-oldrel-macos-arm64 0.2.4 23.00 NOTE
r-oldrel-macos-x86_64 0.2.4 38.00 NOTE
r-oldrel-windows-ix86+x86_64 0.2.4 7.00 69.00 76.00 NOTE

Check Details

Version: 0.2.4
Check: LazyData
Result: NOTE
     'LazyData' is specified without a 'data' directory
Flavors: r-devel-linux-x86_64-debian-clang, r-devel-linux-x86_64-debian-gcc, r-devel-linux-x86_64-fedora-clang, r-devel-linux-x86_64-fedora-gcc, r-devel-windows-x86_64, r-patched-linux-x86_64, r-release-linux-x86_64, r-release-macos-arm64, r-release-macos-x86_64, r-release-windows-x86_64, r-oldrel-macos-arm64, r-oldrel-macos-x86_64, r-oldrel-windows-ix86+x86_64