CRAN Package Check Results for Package ezCutoffs

Last updated on 2022-06-24 23:50:10 CEST.

Flavor Version Tinstall Tcheck Ttotal Status Flags
r-devel-linux-x86_64-debian-clang 1.0.1 5.70 67.51 73.21 NOTE
r-devel-linux-x86_64-debian-gcc 1.0.1 4.77 51.11 55.88 NOTE
r-devel-linux-x86_64-fedora-clang 1.0.1 100.64 NOTE
r-devel-linux-x86_64-fedora-gcc 1.0.1 95.83 NOTE
r-devel-windows-x86_64 1.0.1 20.00 86.00 106.00 NOTE
r-patched-linux-x86_64 1.0.1 6.35 64.07 70.42 NOTE
r-release-linux-x86_64 1.0.1 4.99 62.73 67.72 NOTE
r-release-macos-arm64 1.0.1 27.00 NOTE
r-release-macos-x86_64 1.0.1 52.00 NOTE
r-release-windows-x86_64 1.0.1 51.00 92.00 143.00 NOTE
r-oldrel-macos-arm64 1.0.1 33.00 NOTE
r-oldrel-macos-x86_64 1.0.1 51.00 NOTE
r-oldrel-windows-ix86+x86_64 1.0.1 17.00 82.00 99.00 NOTE

Check Details

Version: 1.0.1
Check: LazyData
Result: NOTE
     'LazyData' is specified without a 'data' directory
Flavors: r-devel-linux-x86_64-debian-clang, r-devel-linux-x86_64-debian-gcc, r-devel-linux-x86_64-fedora-clang, r-devel-linux-x86_64-fedora-gcc, r-devel-windows-x86_64, r-patched-linux-x86_64, r-release-linux-x86_64, r-release-macos-arm64, r-release-macos-x86_64, r-release-windows-x86_64, r-oldrel-macos-arm64, r-oldrel-macos-x86_64, r-oldrel-windows-ix86+x86_64