CRAN Package Check Results for Package extremeStat

Last updated on 2024-07-14 00:55:22 CEST.

Flavor Version Tinstall Tcheck Ttotal Status Flags
r-devel-linux-x86_64-debian-clang 1.5.9 15.31 195.21 210.52 OK
r-devel-linux-x86_64-debian-gcc 1.5.9 10.12 137.90 148.02 OK
r-devel-linux-x86_64-fedora-clang 1.5.9 256.18 OK
r-devel-linux-x86_64-fedora-gcc 1.5.9 257.76 OK
r-devel-windows-x86_64 1.5.9 12.00 147.00 159.00 NOTE
r-patched-linux-x86_64 1.5.9 17.25 183.09 200.34 OK
r-release-linux-x86_64 1.5.9 11.29 182.83 194.12 OK
r-release-macos-arm64 1.5.9 70.00 OK
r-release-macos-x86_64 1.5.9 108.00 OK
r-release-windows-x86_64 1.5.9 13.00 145.00 158.00 OK
r-oldrel-macos-arm64 1.5.9 73.00 OK
r-oldrel-macos-x86_64 1.5.9 186.00 OK
r-oldrel-windows-x86_64 1.5.9 17.00 183.00 200.00 OK

Check Details

Version: 1.5.9
Check: Rd cross-references
Result: NOTE Found the following Rd file(s) with Rd \link{} targets missing package anchors: distLquantile.Rd: quantileMean distLweights.Rd: dist.list plotLexBoot.Rd: ciBand plotLextreme.Rd: logAxis plotLfit.Rd: logAxis printL.Rd: rainbow2 Please provide package anchors for all Rd \link{} targets not in the package itself and the base packages. Flavor: r-devel-windows-x86_64