CRAN Package Check Results for Package exsic

Last updated on 2020-10-28 23:47:13 CET.

Flavor Version Tinstall Tcheck Ttotal Status Flags
r-devel-linux-x86_64-debian-clang 1.1.1 3.15 28.50 31.65 NOTE
r-devel-linux-x86_64-debian-gcc 1.1.1 2.73 21.74 24.47 NOTE
r-devel-linux-x86_64-fedora-clang 1.1.1 46.44 NOTE
r-devel-linux-x86_64-fedora-gcc 1.1.1 37.09 NOTE
r-devel-windows-ix86+x86_64 1.1.1 6.00 43.00 49.00 NOTE
r-patched-linux-x86_64 1.1.1 3.18 27.24 30.42 NOTE
r-patched-solaris-x86 1.1.1 55.10 NOTE
r-release-linux-x86_64 1.1.1 3.33 27.22 30.55 NOTE
r-release-macos-x86_64 1.1.1 NOTE
r-release-windows-ix86+x86_64 1.1.1 5.00 32.00 37.00 NOTE
r-oldrel-macos-x86_64 1.1.1 NOTE
r-oldrel-windows-ix86+x86_64 1.1.1 5.00 41.00 46.00 NOTE

Check Details

Version: 1.1.1
Check: R code for possible problems
Result: NOTE
    index.citations: no visible global function definition for
     'txtProgressBar'
    read.exsic: no visible global function definition for 'read.csv'
    update.pb: no visible global function definition for
     'setTxtProgressBar'
    Undefined global functions or variables:
     read.csv setTxtProgressBar txtProgressBar
    Consider adding
     importFrom("utils", "read.csv", "setTxtProgressBar", "txtProgressBar")
    to your NAMESPACE file.
Flavors: r-devel-linux-x86_64-debian-clang, r-devel-linux-x86_64-debian-gcc, r-devel-linux-x86_64-fedora-clang, r-devel-linux-x86_64-fedora-gcc, r-devel-windows-ix86+x86_64, r-patched-linux-x86_64, r-patched-solaris-x86, r-release-linux-x86_64, r-release-macos-x86_64, r-release-windows-ix86+x86_64, r-oldrel-macos-x86_64, r-oldrel-windows-ix86+x86_64