CRAN Package Check Results for Package expands

Last updated on 2019-12-08 23:47:22 CET.

Flavor Version Tinstall Tcheck Ttotal Status Flags
r-devel-linux-x86_64-debian-clang 2.1.2 11.36 422.19 433.55 OK
r-devel-linux-x86_64-debian-gcc 2.1.2 7.53 313.88 321.41 OK
r-devel-linux-x86_64-fedora-clang 2.1.2 496.61 OK
r-devel-linux-x86_64-fedora-gcc 2.1.2 459.21 OK
r-devel-windows-ix86+x86_64 2.1.2 11.00 7.00 18.00 ERROR --no-vignettes
r-devel-windows-ix86+x86_64-gcc8 2.1.2 10.00 5.00 15.00 ERROR --no-vignettes
r-patched-linux-x86_64 2.1.2 8.07 369.75 377.82 OK
r-patched-solaris-x86 2.1.2 520.10 OK
r-release-linux-x86_64 2.1.2 8.69 373.35 382.04 OK
r-release-windows-ix86+x86_64 2.1.2 23.00 86.00 109.00 OK --no-vignettes
r-release-osx-x86_64 2.1.2 OK
r-oldrel-windows-ix86+x86_64 2.1.2 12.00 106.00 118.00 OK --no-vignettes
r-oldrel-osx-x86_64 2.1.2 OK

Check Details

Version: 2.1.2
Flags: --no-vignettes
Check: whether package can be installed
Result: ERROR
    Installation failed.
Flavors: r-devel-windows-ix86+x86_64, r-devel-windows-ix86+x86_64-gcc8