CRAN Package Check Results for Package exp2flux

Last updated on 2021-04-14 23:47:10 CEST.

Flavor Version Tinstall Tcheck Ttotal Status Flags
r-devel-linux-x86_64-debian-clang 0.1 23.70 206.67 230.37 NOTE
r-devel-linux-x86_64-debian-gcc 0.1 18.14 151.21 169.35 NOTE
r-devel-linux-x86_64-fedora-clang 0.1 281.29 NOTE
r-devel-linux-x86_64-fedora-gcc 0.1 268.06 NOTE
r-devel-windows-ix86+x86_64 0.1 52.00 215.00 267.00 NOTE
r-devel-windows-x86_64-gcc10-UCRT 0.1 NOTE
r-patched-linux-x86_64 0.1 22.68 183.95 206.63 OK
r-patched-solaris-x86 0.1 391.30 OK
r-release-linux-x86_64 0.1 19.93 184.10 204.03 OK
r-release-macos-x86_64 0.1 ERROR
r-release-windows-ix86+x86_64 0.1 43.00 226.00 269.00 OK
r-oldrel-macos-x86_64 0.1 OK
r-oldrel-windows-ix86+x86_64 0.1 45.00 146.00 191.00 OK

Check Details

Version: 0.1
Check: LazyData
Result: NOTE
     'LazyData' is specified without a 'data' directory
Flavors: r-devel-linux-x86_64-debian-clang, r-devel-linux-x86_64-debian-gcc, r-devel-linux-x86_64-fedora-clang, r-devel-linux-x86_64-fedora-gcc, r-devel-windows-ix86+x86_64, r-devel-windows-x86_64-gcc10-UCRT

Version: 0.1
Check: package dependencies
Result: ERROR
    Package required but not available: ‘gage’
    
    See section ‘The DESCRIPTION file’ in the ‘Writing R Extensions’
    manual.
Flavor: r-release-macos-x86_64