Last updated on 2019-12-08 23:47:22 CET.
Flavor | Version | Tinstall | Tcheck | Ttotal | Status | Flags |
---|---|---|---|---|---|---|
r-devel-linux-x86_64-debian-clang | 0.3.1 | 3.01 | 61.85 | 64.86 | OK | |
r-devel-linux-x86_64-debian-gcc | 0.3.1 | 2.22 | 45.71 | 47.93 | OK | |
r-devel-linux-x86_64-fedora-clang | 0.3.1 | 83.06 | OK | |||
r-devel-linux-x86_64-fedora-gcc | 0.3.1 | 79.12 | OK | |||
r-devel-windows-ix86+x86_64 | 0.3.1 | 12.00 | 141.00 | 153.00 | OK | |
r-devel-windows-ix86+x86_64-gcc8 | 0.3.1 | 22.00 | 100.00 | 122.00 | OK | |
r-patched-linux-x86_64 | 0.3.1 | 2.44 | 59.06 | 61.50 | OK | |
r-patched-solaris-x86 | 0.3.1 | 102.60 | NOTE | |||
r-release-linux-x86_64 | 0.3.1 | 2.21 | 58.59 | 60.80 | OK | |
r-release-windows-ix86+x86_64 | 0.3.1 | 11.00 | 103.00 | 114.00 | OK | |
r-release-osx-x86_64 | 0.3.1 | NOTE | ||||
r-oldrel-windows-ix86+x86_64 | 0.3.1 | 5.00 | 104.00 | 109.00 | OK | |
r-oldrel-osx-x86_64 | 0.3.1 | NOTE |
Version: 0.3.1
Check: installed package size
Result: NOTE
installed size is 14.6Mb
sub-directories of 1Mb or more:
exiftool 14.5Mb
Flavors: r-patched-solaris-x86, r-release-osx-x86_64, r-oldrel-osx-x86_64