Last updated on 2022-08-08 23:52:56 CEST.
Flavor | Version | Tinstall | Tcheck | Ttotal | Status | Flags |
---|---|---|---|---|---|---|
r-devel-linux-x86_64-debian-clang | 0.3.0 | 7.68 | 74.22 | 81.90 | NOTE | |
r-devel-linux-x86_64-debian-gcc | 0.3.0 | 6.44 | 53.91 | 60.35 | NOTE | |
r-devel-linux-x86_64-fedora-clang | 0.3.0 | 110.74 | NOTE | |||
r-devel-linux-x86_64-fedora-gcc | 0.3.0 | 104.41 | NOTE | |||
r-devel-windows-x86_64 | 0.3.0 | 26.00 | 126.00 | 152.00 | NOTE | |
r-patched-linux-x86_64 | 0.3.0 | 7.95 | 69.20 | 77.15 | NOTE | |
r-release-linux-x86_64 | 0.3.0 | NOTE | ||||
r-release-macos-arm64 | 0.3.0 | 36.00 | NOTE | |||
r-release-macos-x86_64 | 0.3.0 | 45.00 | NOTE | |||
r-release-windows-x86_64 | 0.3.0 | 19.00 | 124.00 | 143.00 | NOTE | |
r-oldrel-macos-arm64 | 0.3.0 | 29.00 | NOTE | |||
r-oldrel-macos-x86_64 | 0.3.0 | 49.00 | NOTE | |||
r-oldrel-windows-ix86+x86_64 | 0.3.0 | 18.00 | 122.00 | 140.00 | NOTE |
Version: 0.3.0
Check: LazyData
Result: NOTE
'LazyData' is specified without a 'data' directory
Flavors: r-devel-linux-x86_64-debian-clang, r-devel-linux-x86_64-debian-gcc, r-devel-linux-x86_64-fedora-clang, r-devel-linux-x86_64-fedora-gcc, r-devel-windows-x86_64, r-patched-linux-x86_64, r-release-linux-x86_64, r-release-macos-arm64, r-release-macos-x86_64, r-release-windows-x86_64, r-oldrel-macos-arm64, r-oldrel-macos-x86_64, r-oldrel-windows-ix86+x86_64
Version: 0.3.0
Check: dependencies in R code
Result: NOTE
Namespace in Imports field not imported from: ‘parallel’
All declared Imports should be used.
Flavors: r-devel-linux-x86_64-fedora-clang, r-devel-linux-x86_64-fedora-gcc, r-release-macos-arm64, r-release-macos-x86_64, r-oldrel-macos-arm64, r-oldrel-macos-x86_64