CRAN Package Check Results for Package evobiR

Last updated on 2019-06-07 02:50:50 CEST.

Flavor Version Tinstall Tcheck Ttotal Status Flags
r-devel-linux-x86_64-debian-clang 1.1 9.64 70.11 79.75 NOTE
r-devel-linux-x86_64-debian-gcc 1.1 8.07 56.40 64.47 NOTE
r-devel-linux-x86_64-fedora-clang 1.1 95.19 NOTE
r-devel-linux-x86_64-fedora-gcc 1.1 92.24 NOTE
r-devel-windows-ix86+x86_64 1.1 31.00 114.00 145.00 OK
r-patched-linux-x86_64 1.1 7.43 70.10 77.53 OK
r-patched-solaris-x86 1.1 157.00 OK
r-release-linux-x86_64 1.1 7.64 70.74 78.38 OK
r-release-windows-ix86+x86_64 1.1 26.00 135.00 161.00 OK
r-release-osx-x86_64 1.1 OK
r-oldrel-windows-ix86+x86_64 1.1 10.00 85.00 95.00 OK
r-oldrel-osx-x86_64 1.1 OK

Check Details

Version: 1.1
Check: for non-standard things in the check directory
Result: NOTE
    Found the following files/directories:
     sample .nwk
Flavors: r-devel-linux-x86_64-debian-clang, r-devel-linux-x86_64-debian-gcc

Version: 1.1
Check: for non-standard things in the check directory
Result: NOTE
    Found the following files/directories:
     ‘sample .nwk’
Flavors: r-devel-linux-x86_64-fedora-clang, r-devel-linux-x86_64-fedora-gcc