CRAN Package Check Results for Package evobiR

Last updated on 2019-09-08 23:47:12 CEST.

Flavor Version Tinstall Tcheck Ttotal Status Flags
r-devel-linux-x86_64-debian-clang 1.1 NOTE
r-devel-linux-x86_64-debian-gcc 1.1 8.35 57.99 66.34 NOTE
r-devel-linux-x86_64-fedora-clang 1.1 99.67 NOTE
r-devel-linux-x86_64-fedora-gcc 1.1 100.22 NOTE
r-devel-windows-ix86+x86_64 1.1 35.00 88.00 123.00 OK
r-patched-linux-x86_64 1.1 8.48 71.22 79.70 OK
r-patched-solaris-x86 1.1 159.90 OK
r-release-linux-x86_64 1.1 8.55 70.63 79.18 OK
r-release-windows-ix86+x86_64 1.1 18.00 91.00 109.00 OK
r-release-osx-x86_64 1.1 OK
r-oldrel-windows-ix86+x86_64 1.1 18.00 81.00 99.00 OK
r-oldrel-osx-x86_64 1.1 OK

Check Details

Version: 1.1
Check: for non-standard things in the check directory
Result: NOTE
    Found the following files/directories:
     'sample .nwk'
Flavors: r-devel-linux-x86_64-debian-clang, r-devel-linux-x86_64-debian-gcc, r-devel-linux-x86_64-fedora-clang, r-devel-linux-x86_64-fedora-gcc