Last updated on 2022-08-06 22:59:27 CEST.
Flavor | Version | Tinstall | Tcheck | Ttotal | Status | Flags |
---|---|---|---|---|---|---|
r-devel-linux-x86_64-debian-clang | 0.8.10 | 17.41 | 230.33 | 247.74 | NOTE | |
r-devel-linux-x86_64-debian-gcc | 0.8.10 | 13.22 | 168.23 | 181.45 | NOTE | |
r-devel-linux-x86_64-fedora-clang | 0.8.10 | 322.17 | NOTE | |||
r-devel-linux-x86_64-fedora-gcc | 0.8.10 | 298.67 | NOTE | |||
r-devel-windows-x86_64 | 0.8.10 | 55.00 | 254.00 | 309.00 | NOTE | |
r-patched-linux-x86_64 | 0.8.10 | 16.89 | 219.55 | 236.44 | OK | |
r-release-linux-x86_64 | 0.8.10 | 16.07 | 215.54 | 231.61 | OK | |
r-release-macos-arm64 | 0.8.10 | 80.00 | OK | |||
r-release-macos-x86_64 | 0.8.10 | 132.00 | OK | |||
r-release-windows-x86_64 | 0.8.10 | 48.00 | 258.00 | 306.00 | OK | |
r-oldrel-macos-arm64 | 0.8.10 | 90.00 | OK | |||
r-oldrel-macos-x86_64 | 0.8.10 | 153.00 | OK | |||
r-oldrel-windows-ix86+x86_64 | 0.8.10 | 41.00 | 242.00 | 283.00 | OK |
Version: 0.8.10
Check: Rd files
Result: NOTE
checkRd: (-1) Snoring.Rd:21: Escaped LaTeX specials: \&
Flavors: r-devel-linux-x86_64-debian-clang, r-devel-linux-x86_64-debian-gcc, r-devel-linux-x86_64-fedora-clang, r-devel-linux-x86_64-fedora-gcc, r-devel-windows-x86_64