CRAN Package Check Results for Package ether

Last updated on 2023-02-06 23:55:42 CET.

Flavor Version Tinstall Tcheck Ttotal Status Flags
r-devel-linux-x86_64-debian-clang 0.1.6 6.67 65.31 71.98 NOTE
r-devel-linux-x86_64-debian-gcc 0.1.6 5.24 47.56 52.80 NOTE
r-devel-linux-x86_64-fedora-clang 0.1.6 96.10 NOTE
r-devel-linux-x86_64-fedora-gcc 0.1.6 84.74 NOTE
r-devel-windows-x86_64 0.1.6 11.00 99.00 110.00 NOTE
r-patched-linux-x86_64 0.1.6 6.97 61.27 68.24 NOTE
r-release-linux-x86_64 0.1.6 8.54 64.82 73.36 NOTE
r-release-macos-arm64 0.1.6 29.00 NOTE
r-release-macos-x86_64 0.1.6 53.00 NOTE
r-release-windows-x86_64 0.1.6 23.00 109.00 132.00 NOTE
r-oldrel-macos-arm64 0.1.6 32.00 NOTE
r-oldrel-macos-x86_64 0.1.6 47.00 NOTE
r-oldrel-windows-ix86+x86_64 0.1.6 17.00 104.00 121.00 NOTE

Check Details

Version: 0.1.6
Check: LazyData
Result: NOTE
     'LazyData' is specified without a 'data' directory
Flavors: r-devel-linux-x86_64-debian-clang, r-devel-linux-x86_64-debian-gcc, r-devel-linux-x86_64-fedora-clang, r-devel-linux-x86_64-fedora-gcc, r-devel-windows-x86_64, r-patched-linux-x86_64, r-release-linux-x86_64, r-release-macos-arm64, r-release-macos-x86_64, r-release-windows-x86_64, r-oldrel-macos-arm64, r-oldrel-macos-x86_64, r-oldrel-windows-ix86+x86_64