CRAN Package Check Results for Package estimatr

Last updated on 2019-12-08 23:47:22 CET.

Flavor Version Tinstall Tcheck Ttotal Status Flags
r-devel-linux-x86_64-debian-clang 0.20.0 88.68 126.76 215.44 OK
r-devel-linux-x86_64-debian-gcc 0.20.0 70.10 98.33 168.43 OK
r-devel-linux-x86_64-fedora-clang 0.20.0 276.05 NOTE
r-devel-linux-x86_64-fedora-gcc 0.20.0 271.60 OK
r-devel-windows-ix86+x86_64 0.20.0 157.00 265.00 422.00 OK
r-devel-windows-ix86+x86_64-gcc8 0.20.0 192.00 194.00 386.00 OK
r-patched-linux-x86_64 0.20.0 80.86 115.90 196.76 OK
r-patched-solaris-x86 0.20.0 273.60 ERROR
r-release-linux-x86_64 0.20.0 80.97 115.67 196.64 OK
r-release-windows-ix86+x86_64 0.20.0 195.00 178.00 373.00 OK
r-release-osx-x86_64 0.20.0 NOTE
r-oldrel-windows-ix86+x86_64 0.20.0 138.00 186.00 324.00 OK
r-oldrel-osx-x86_64 0.20.0 NOTE

Check Details

Version: 0.20.0
Check: installed package size
Result: NOTE
     installed size is 25.6Mb
     sub-directories of 1Mb or more:
     libs 25.2Mb
Flavors: r-devel-linux-x86_64-fedora-clang, r-release-osx-x86_64, r-oldrel-osx-x86_64

Version: 0.20.0
Check: tests
Result: ERROR
     Running ‘sleep.R’
     Comparing ‘sleep.Rout’ to ‘sleep.Rout.save’ ... OK
     Running ‘testthat.R’ [55s/66s]
    Running the tests in ‘tests/testthat.R’ failed.
    Complete output:
     > library(testthat)
     > library(estimatr)
     >
     > test_check("estimatr")
     ── 1. Failure: Handle perfect fits appropriately (@test-lm-robust-fes.R#682) ──
     tidy(rfo)[rfo$term == "X", ] not equivalent to tidy(ro)[ro$term == "X", ].
     Component "std.error": 'is.NA' value mismatch: 1 in current 0 in target
     Component "statistic": 'is.NA' value mismatch: 1 in current 0 in target
     Component "p.value": 'is.NA' value mismatch: 1 in current 0 in target
     Component "conf.low": 'is.NA' value mismatch: 1 in current 0 in target
     Component "conf.high": 'is.NA' value mismatch: 1 in current 0 in target
    
     ══ testthat results ═══════════════════════════════════════════════════════════
     [ OK: 1326 | SKIPPED: 0 | WARNINGS: 0 | FAILED: 1 ]
     1. Failure: Handle perfect fits appropriately (@test-lm-robust-fes.R#682)
    
     Error: testthat unit tests failed
     Execution halted
Flavor: r-patched-solaris-x86