CRAN Package Check Results for Package escalation

Last updated on 2024-06-14 00:53:41 CEST.

Flavor Version Tinstall Tcheck Ttotal Status Flags
r-devel-linux-x86_64-debian-clang 0.1.9 45.24 1150.48 1195.72 OK
r-devel-linux-x86_64-debian-gcc 0.1.9 1.51 1.94 3.45 ERROR
r-devel-linux-x86_64-fedora-clang 0.1.9 1430.69 NOTE
r-devel-linux-x86_64-fedora-gcc 0.1.9 1348.52 OK
r-devel-windows-x86_64 0.1.9 31.00 779.00 810.00 NOTE
r-patched-linux-x86_64 0.1.9 2.05 2.51 4.56 ERROR
r-release-linux-x86_64 0.1.9 1.25 2.29 3.54 ERROR
r-release-macos-arm64 0.1.9 335.00 NOTE
r-release-macos-x86_64 0.1.9 604.00 NOTE
r-release-windows-x86_64 0.1.9 31.00 782.00 813.00 NOTE
r-oldrel-macos-arm64 0.1.9 378.00 NOTE
r-oldrel-macos-x86_64 0.1.9 724.00 NOTE
r-oldrel-windows-x86_64 0.1.9 42.00 984.00 1026.00 NOTE

Check Details

Version: 0.1.9
Check: package dependencies
Result: ERROR Packages required but not available: 'dplyr', 'tidyr', 'tidyselect', 'stringr', 'purrr', 'tibble', 'ggplot2', 'trialr', 'DiagrammeR', 'viridis', 'testthat' See section ‘The DESCRIPTION file’ in the ‘Writing R Extensions’ manual. Flavor: r-devel-linux-x86_64-debian-gcc

Version: 0.1.9
Check: installed package size
Result: NOTE installed size is 14.1Mb sub-directories of 1Mb or more: doc 13.3Mb Flavors: r-devel-linux-x86_64-fedora-clang, r-devel-windows-x86_64, r-release-macos-arm64, r-release-macos-x86_64, r-release-windows-x86_64, r-oldrel-macos-arm64, r-oldrel-macos-x86_64, r-oldrel-windows-x86_64

Version: 0.1.9
Check: package dependencies
Result: ERROR Package required but not available: ‘trialr’ See section ‘The DESCRIPTION file’ in the ‘Writing R Extensions’ manual. Flavors: r-patched-linux-x86_64, r-release-linux-x86_64