CRAN Package Check Results for Package ergm.rank

Last updated on 2019-10-20 23:47:24 CEST.

Flavor Version Tinstall Tcheck Ttotal Status Flags
r-devel-linux-x86_64-debian-clang 1.2.0 12.07 80.08 92.15 OK
r-devel-linux-x86_64-debian-gcc 1.2.0 12.15 60.09 72.24 OK
r-devel-linux-x86_64-fedora-clang 1.2.0 108.35 OK
r-devel-linux-x86_64-fedora-gcc 1.2.0 109.36 OK
r-devel-windows-ix86+x86_64 1.2.0 29.00 124.00 153.00 OK
r-patched-linux-x86_64 1.2.0 11.69 75.38 87.07 OK
r-patched-solaris-x86 1.2.0 160.50 OK
r-release-linux-x86_64 1.2.0 12.89 75.23 88.12 OK
r-release-windows-ix86+x86_64 1.2.0 45.00 122.00 167.00 OK
r-release-osx-x86_64 1.2.0 OK
r-oldrel-windows-ix86+x86_64 1.2.0 23.00 114.00 137.00 OK
r-oldrel-osx-x86_64 1.2.0 ERROR

Check Details

Version: 1.2.0
Check: package dependencies
Result: ERROR
    Package required and available but unsuitable version: ‘ergm’
    
    See section ‘The DESCRIPTION file’ in the ‘Writing R Extensions’
    manual.
Flavor: r-oldrel-osx-x86_64