CRAN Package Check Results for Package eqs2lavaan

Last updated on 2020-10-28 23:47:13 CET.

Flavor Version Tinstall Tcheck Ttotal Status Flags
r-devel-linux-x86_64-debian-clang 3.0 3.78 30.58 34.36 NOTE
r-devel-linux-x86_64-debian-gcc 3.0 2.93 24.24 27.17 NOTE
r-devel-linux-x86_64-fedora-clang 3.0 49.78 NOTE
r-devel-linux-x86_64-fedora-gcc 3.0 39.93 NOTE
r-devel-windows-ix86+x86_64 3.0 7.00 48.00 55.00 NOTE
r-patched-linux-x86_64 3.0 3.86 29.13 32.99 NOTE
r-patched-solaris-x86 3.0 62.40 NOTE
r-release-linux-x86_64 3.0 3.30 29.24 32.54 NOTE
r-release-macos-x86_64 3.0 NOTE
r-release-windows-ix86+x86_64 3.0 6.00 36.00 42.00 NOTE
r-oldrel-macos-x86_64 3.0 NOTE
r-oldrel-windows-ix86+x86_64 3.0 18.00 46.00 64.00 NOTE

Check Details

Version: 3.0
Check: R code for possible problems
Result: NOTE
    eqs2lavaan: no visible global function definition for 'ignore.case'
    eqs2lavaan: no visible global function definition for 'str_join'
    eqs2lavaan: no visible binding for global variable 'r'
    eqsCorr: no visible global function definition for 'cov2cor'
    plotCov: no visible global function definition for 'cov2cor'
    plotCov: no visible global function definition for 'par'
    plotCov: no visible global function definition for 'image'
    plotCov: no visible global function definition for 'axis'
    Undefined global functions or variables:
     axis cov2cor ignore.case image par r str_join
    Consider adding
     importFrom("graphics", "axis", "image", "par")
     importFrom("stats", "cov2cor")
    to your NAMESPACE file.
Flavors: r-devel-linux-x86_64-debian-clang, r-devel-linux-x86_64-debian-gcc, r-devel-linux-x86_64-fedora-clang, r-devel-linux-x86_64-fedora-gcc, r-devel-windows-ix86+x86_64, r-patched-linux-x86_64, r-patched-solaris-x86, r-release-linux-x86_64, r-release-macos-x86_64, r-release-windows-ix86+x86_64, r-oldrel-macos-x86_64, r-oldrel-windows-ix86+x86_64