Last updated on 2023-03-27 00:50:23 CEST.
Flavor | Version | Tinstall | Tcheck | Ttotal | Status | Flags |
---|---|---|---|---|---|---|
r-devel-linux-x86_64-debian-clang | 0.0.1 | 1.83 | 28.27 | 30.10 | NOTE | |
r-devel-linux-x86_64-debian-gcc | 0.0.1 | 1.95 | 21.89 | 23.84 | NOTE | |
r-devel-linux-x86_64-fedora-gcc | 0.0.1 | 50.74 | NOTE | |||
r-patched-linux-x86_64 | 0.0.1 | 2.69 | 26.72 | 29.41 | NOTE | |
r-release-linux-x86_64 | 0.0.1 | 2.37 | 26.49 | 28.86 | NOTE | |
r-release-macos-arm64 | 0.0.1 | 17.00 | NOTE | |||
r-release-macos-x86_64 | 0.0.1 | 24.00 | NOTE | |||
r-release-windows-x86_64 | 0.0.1 | 15.00 | 57.00 | 72.00 | NOTE | |
r-oldrel-macos-arm64 | 0.0.1 | 24.00 | NOTE | |||
r-oldrel-macos-x86_64 | 0.0.1 | 31.00 | NOTE | |||
r-oldrel-windows-ix86+x86_64 | 0.0.1 | 6.00 | 53.00 | 59.00 | NOTE |
Version: 0.0.1
Check: LazyData
Result: NOTE
'LazyData' is specified without a 'data' directory
Flavors: r-devel-linux-x86_64-debian-clang, r-devel-linux-x86_64-debian-gcc, r-devel-linux-x86_64-fedora-gcc, r-patched-linux-x86_64, r-release-linux-x86_64, r-release-macos-arm64, r-release-macos-x86_64, r-release-windows-x86_64, r-oldrel-macos-arm64, r-oldrel-macos-x86_64, r-oldrel-windows-ix86+x86_64
Version: 0.0.1
Check: for non-standard things in the check directory
Result: NOTE
Found the following files/directories:
‘episcan_1geno_cc.txt’ ‘episcan_1geno_quant.txt’
‘episcan_2geno_cc.txt’ ‘episcan_2geno_quant.txt’
Flavors: r-devel-linux-x86_64-debian-clang, r-devel-linux-x86_64-debian-gcc, r-devel-linux-x86_64-fedora-gcc, r-patched-linux-x86_64, r-release-linux-x86_64