CRAN Package Check Results for Package eph

Last updated on 2020-05-31 23:47:34 CEST.

Flavor Version Tinstall Tcheck Ttotal Status Flags
r-devel-linux-x86_64-debian-clang 0.3.1 3.93 63.39 67.32 OK
r-devel-linux-x86_64-debian-gcc 0.3.1 3.66 48.02 51.68 ERROR
r-devel-linux-x86_64-fedora-clang 0.3.1 90.61 NOTE
r-devel-linux-x86_64-fedora-gcc 0.3.1 80.97 NOTE
r-devel-windows-ix86+x86_64 0.3.1 19.00 123.00 142.00 OK
r-patched-linux-x86_64 0.3.1 4.07 63.91 67.98 OK
r-patched-solaris-x86 0.3.1 121.40 NOTE
r-release-linux-x86_64 0.3.1 4.74 63.35 68.09 OK
r-release-osx-x86_64 0.3.1 NOTE
r-release-windows-ix86+x86_64 0.3.1 13.00 124.00 137.00 OK
r-oldrel-osx-x86_64 0.3.1 NOTE
r-oldrel-windows-ix86+x86_64 0.3.1 12.00 131.00 143.00 OK

Check Details

Version: 0.3.1
Check: examples
Result: ERROR
    Running examples in ‘eph-Ex.R’ failed
    The error most likely occurred in:
    
    > base::assign(".ptime", proc.time(), pos = "CheckExEnv")
    > ### Name: get_poverty_lines
    > ### Title: Descarga de canasta basica alimentaria y canasta basica total
    > ### Aliases: get_poverty_lines
    >
    > ### ** Examples
    >
    >
    > canasta <- get_poverty_lines()
    trying URL 'https://www.indec.gob.ar/ftp/cuadros/sociedad/serie_cba_cbt.xls'
    Warning in utils::download.file(dataURL, destfile = temp, mode = "wb") :
     URL 'https://www.indec.gob.ar/ftp/cuadros/sociedad/serie_cba_cbt.xls': status was 'SSL peer certificate or SSH remote key was not OK'
    Error in utils::download.file(dataURL, destfile = temp, mode = "wb") :
     cannot open URL 'https://www.indec.gob.ar/ftp/cuadros/sociedad/serie_cba_cbt.xls'
    Calls: get_poverty_lines -> <Anonymous>
    Execution halted
Flavor: r-devel-linux-x86_64-debian-gcc

Version: 0.3.1
Check: tests
Result: ERROR
     Running ‘testthat.R’ [4s/8s]
    Running the tests in ‘tests/testthat.R’ failed.
    Complete output:
     > library(testthat)
     > library(eph)
     >
     > test_check("eph")
     trying URL 'https://www.indec.gob.ar/ftp/cuadros/sociedad/serie_cba_cbt.xls'
     ── 1. Error: test canasta (@test-get_poverty_lines.R#5) ───────────────────────
     cannot open URL 'https://www.indec.gob.ar/ftp/cuadros/sociedad/serie_cba_cbt.xls'
     Backtrace:
     1. eph::get_poverty_lines()
     2. utils::download.file(dataURL, destfile = temp, mode = "wb")
    
     ══ testthat results ═══════════════════════════════════════════════════════════
     [ OK: 14 | SKIPPED: 3 | WARNINGS: 3 | FAILED: 1 ]
     1. Error: test canasta (@test-get_poverty_lines.R#5)
    
     Error: testthat unit tests failed
     Execution halted
Flavor: r-devel-linux-x86_64-debian-gcc

Version: 0.3.1
Check: re-building of vignette outputs
Result: WARN
    Error(s) in re-building vignettes:
     ...
    --- re-building ‘eph.Rmd’ using rmarkdown
    
    Attaching package: 'dplyr'
    
    The following objects are masked from 'package:stats':
    
     filter, lag
    
    The following objects are masked from 'package:base':
    
     intersect, setdiff, setequal, union
    
    Warning in readRDS(gzcon(url(link))) : input string 'DRA EN MEDICINA Y CIRUGP<8d>A' cannot be translated to UTF-8, is it valid in 'CP1252'?
    Warning in readRDS(gzcon(url(link))) : input string 'ELECTROT<90>CNICO' cannot be translated to UTF-8, is it valid in 'CP1252'?
    Warning in readRDS(gzcon(url(link))) : input string 'LIC. EN CIENCIAS M<90>DICAS' cannot be translated to UTF-8, is it valid in 'CP1252'?
    Warning in readRDS(gzcon(url(link))) : input string 'LIC. TERAP<90>UTICA DE DISCAPACITADOS MOTORES' cannot be translated to UTF-8, is it valid in 'CP1252'?
    Warning in readRDS(gzcon(url(link))) : input string 'M<90>DICO' cannot be translated to UTF-8, is it valid in 'CP1252'?
    Warning in readRDS(gzcon(url(link))) : input string 'M<90>DICO CIRUJANO' cannot be translated to UTF-8, is it valid in 'CP1252'?
    Warning in readRDS(gzcon(url(link))) : input string 'PROFESORADO DE INGL<90>S' cannot be translated to UTF-8, is it valid in 'CP1252'?
    Warning in readRDS(gzcon(url(link))) : input string 'PROFESORADO DE INGL<90>S, LICENCIATURA EN IDIOMA INGL<90>S' cannot be translated to UTF-8, is it valid in 'CP1252'?
    Warning in readRDS(gzcon(url(link))) : input string 'T<90>CNICA EN ELECTR<e0>NICA' cannot be translated to UTF-8, is it valid in 'CP1252'?
    Warning in readRDS(gzcon(url(link))) : input string 'T<90>CNICA EN TORNER<d6>A INDUSTRIAL' cannot be translated to UTF-8, is it valid in 'CP1252'?
    Warning in readRDS(gzcon(url(link))) : input string 'T<90>CNICA EN TURISMO' cannot be translated to UTF-8, is it valid in 'CP1252'?
    Warning in readRDS(gzcon(url(link))) : input string 'T<90>CNICA HIDRAULICA' cannot be translated to UTF-8, is it valid in 'CP1252'?
    Warning in readRDS(gzcon(url(link))) : input string 'T<90>CNICA INDUSTRIAL' cannot be translated to UTF-8, is it valid in 'CP1252'?
    Warning in readRDS(gzcon(url(link))) : input string 'T<90>CNICA MEC<b5>NICA' cannot be translated to UTF-8, is it valid in 'CP1252'?
    Warning in readRDS(gzcon(url(link))) : input string 'T<90>CNICA QU<d6>MICA' cannot be translated to UTF-8, is it valid in 'CP1252'?
    Warning in readRDS(gzcon(url(link))) : input string 'T<90>CNICA QU<d6>MICA INDUSTRIAL' cannot be translated to UTF-8, is it valid in 'CP1252'?
    Warning in readRDS(gzcon(url(link))) : input string 'T<90>CNICO AGRARIO' cannot be translated to UTF-8, is it valid in 'CP1252'?
    Warning in readRDS(gzcon(url(link))) : input string 'T<90>CNICO BOBINADOS ELECTROMOTRICES' cannot be translated to UTF-8, is it valid in 'CP1252'?
    Warning in readRDS(gzcon(url(link))) : input string 'T<90>CNICO ELECTR<e0>NICO' cannot be translated to UTF-8, is it valid in 'CP1252'?
    Warning in readRDS(gzcon(url(link))) : input string 'T<90>CNICO ELECTRICISTA' cannot be translated to UTF-8, is it valid in 'CP1252'?
    Warning in readRDS(gzcon(url(link))) : input string 'T<90>CNICO ELECTROMEC<b5>NICO' cannot be translated to UTF-8, is it valid in 'CP1252'?
    Warning in readRDS(gzcon(url(link))) : input string 'T<90>CNICO EN ELECTROMEC<b5>NICA' cannot be translated to UTF-8, is it valid in 'CP1252'?
    Warning in readRDS(gzcon(url(link))) : input string 'T<90>CNICO EN FARMACIA' cannot be translated to UTF-8, is it valid in 'CP1252'?
    Warning in readRDS(gzcon(url(link))) : input string 'T<90>CNICO EN FARMACIA Y LABORATORIO' cannot be translated to UTF-8, is it valid in 'CP1252'?
    Warning in readRDS(gzcon(url(link))) : input string 'T<90>CNICO EN MOTORES DIESEL' cannot be translated to UTF-8, is it valid in 'CP1252'?
    Warning in readRDS(gzcon(url(link))) : input string 'T<90>CNICO EN TURISMO' cannot be translated to UTF-8, is it valid in 'CP1252'?
    Warning in readRDS(gzcon(url(link))) : input string 'T<90>CNICO GRAFICO' cannot be translated to UTF-8, is it valid in 'CP1252'?
    Warning in readRDS(gzcon(url(link))) : input string 'T<90>CNICO INDUSTRIAL' cannot be translated to UTF-8, is it valid in 'CP1252'?
    Warning in readRDS(gzcon(url(link))) : input string 'T<90>CNICO INDUSTRIAL MEC<b5>NICO' cannot be translated to UTF-8, is it valid in 'CP1252'?
    Warning in readRDS(gzcon(url(link))) : input string 'T<90>CNICO INSTRUMENTISTA' cannot be translated to UTF-8, is it valid in 'CP1252'?
    Warning in readRDS(gzcon(url(link))) : input string 'T<90>CNICO MAESTRO MAYOR DE OBRAS' cannot be translated to UTF-8, is it valid in 'CP1252'?
    Warning in readRDS(gzcon(url(link))) : input string 'T<90>CNICO MEC<b5>NICO' cannot be translated to UTF-8, is it valid in 'CP1252'?
    Warning in readRDS(gzcon(url(link))) : input string 'T<90>CNICO MECANICO' cannot be translated to UTF-8, is it valid in 'CP1252'?
    Warning in readRDS(gzcon(url(link))) : input string 'T<90>CNICO PROTESISTA DENTAL' cannot be translated to UTF-8, is it valid in 'CP1252'?
    Warning in readRDS(gzcon(url(link))) : input string 'T<90>CNICO QU<a1>MICO' cannot be translated to UTF-8, is it valid in 'CP1252'?
    Warning in readRDS(gzcon(url(link))) : input string 'T<90>CNICO QU<d6>MICO' cannot be translated to UTF-8, is it valid in 'CP1252'?
    Warning in readRDS(gzcon(url(link))) : input string 'T<90>CNICO TORNERO MEC<b5>NICO' cannot be translated to UTF-8, is it valid in 'CP1252'?
    Warning in apply_labels.list(data, ...) :
     Some names don't exist in `data`: H15, REGION, MAS_500, AGLOMERADO, CH03, CH05, CH07, CH08, CH09, CH10, CH11, CH12, CH13, CH14, CH15, CH15_COD, CH16, CH16_COD, NIVEL_ED, CAT_OCUP, CAT_INAC, IMPUTA, PP02C1, PP02C2, PP02C3, PP02C4, PP02C5, PP02C6, PP02C7, PP02C8, PP02E, PP02H, PP02I, PP03C, PP03D, PP3E_TOT, PP3F_TOT, PP03G, PP03H, PP03I, PP03J, INTENSI, PP04A, PP04B_COD, PP04B1, PP04B2, PP04B3_MES, PP04B3_ANO, PP04B3_DIA, PP04C, PP04C99, PP04D_COD, PP04G, PP05B2_MES, PP05B2_ANO, PP05B2_DIA, PP05C_1, PP05C_2, PP05C_3, PP05E, PP05F, PP05H, PP06A, PP06C, PP06D, PP06E, PP06H, PP07A, PP07C, PP07D, PP07E, PP07F1, PP07F2, PP07F3, PP07F4, PP07F5, PP07G1, PP07G2, PP07G3, PP07G4, PP07G_59, PP07H, PP07I, PP07J, PP07K, PP08D1, PP08D4, PP08F1, PP08F2, PP08J1, PP08J2, PP08J3, PP09A, PP09A_ESP, PP09B, PP09C, PP09C_ESP, PP10A, PP10C, PP10D, PP10E, PP11A, PP11B_COD, PP11B1, PP11B2_DIA, PP11B2_MES, PP11B2_ANO, PP11C, PP11C99, PP11D_COD, PP11G_ANO, PP11G_MES, PP11G_DIA, PP11L, PP11L1, PP11M, PP11N, PP11O, [... truncated]
    Warning: `cols` is now required when using unnest().
    Please use `cols = c(microdata)`
    trying URL ‘https://www.indec.gob.ar/ftp/cuadros/sociedad/serie_cba_cbt.xls’
    Quitting from lines 201-203 (eph.Rmd)
    Error: processing vignette 'eph.Rmd' failed with diagnostics:
    cannot open URL ‘https://www.indec.gob.ar/ftp/cuadros/sociedad/serie_cba_cbt.xls’
    --- failed re-building ‘eph.Rmd’
    
    SUMMARY: processing the following file failed:
     ‘eph.Rmd’
    
    Error: Vignette re-building failed.
    Execution halted
Flavor: r-devel-linux-x86_64-debian-gcc

Version: 0.3.1
Check: package dependencies
Result: NOTE
    Imports includes 22 non-default packages.
    Importing from so many packages makes the package vulnerable to any of
    them becoming unavailable. Move as many as possible to Suggests and
    use conditionally.
Flavor: r-devel-linux-x86_64-fedora-clang

Version: 0.3.1
Check: dependencies in R code
Result: NOTE
    Namespaces in Imports field not imported from:
     ‘readr’ ‘tidyverse’
     All declared Imports should be used.
Flavors: r-devel-linux-x86_64-fedora-clang, r-devel-linux-x86_64-fedora-gcc, r-patched-solaris-x86, r-release-osx-x86_64, r-oldrel-osx-x86_64

Version: 0.3.1
Check: data for non-ASCII characters
Result: NOTE
     Note: found 1 marked Latin-1 string
     Note: found 721 marked UTF-8 strings
Flavors: r-devel-linux-x86_64-fedora-clang, r-devel-linux-x86_64-fedora-gcc, r-patched-solaris-x86, r-release-osx-x86_64, r-oldrel-osx-x86_64