CRAN Package Check Results for Package eph

Last updated on 2019-11-10 23:48:26 CET.

Flavor Version Tinstall Tcheck Ttotal Status Flags
r-devel-linux-x86_64-debian-clang 0.1.1 3.46 37.43 40.89 OK
r-devel-linux-x86_64-debian-gcc 0.1.1 3.33 31.25 34.58 OK
r-devel-linux-x86_64-fedora-clang 0.1.1 51.53 NOTE
r-devel-linux-x86_64-fedora-gcc 0.1.1 49.11 NOTE
r-devel-windows-ix86+x86_64 0.1.1 9.00 217.00 226.00 OK
r-patched-linux-x86_64 0.1.1 3.27 36.77 40.04 OK
r-patched-solaris-x86 0.1.1 75.20 NOTE
r-release-linux-x86_64 0.1.1 3.33 37.40 40.73 OK
r-release-windows-ix86+x86_64 0.1.1 10.00 160.00 170.00 OK
r-release-osx-x86_64 0.1.1 ERROR
r-oldrel-windows-ix86+x86_64 0.1.1 7.00 167.00 174.00 OK
r-oldrel-osx-x86_64 0.1.1 ERROR

Check Details

Version: 0.1.1
Check: dependencies in R code
Result: NOTE
    Namespace in Imports field not imported from: ‘readr’
     All declared Imports should be used.
Flavors: r-devel-linux-x86_64-fedora-clang, r-devel-linux-x86_64-fedora-gcc, r-patched-solaris-x86, r-release-osx-x86_64, r-oldrel-osx-x86_64

Version: 0.1.1
Check: data for non-ASCII characters
Result: NOTE
     Note: found 12 marked UTF-8 strings
Flavors: r-devel-linux-x86_64-fedora-clang, r-devel-linux-x86_64-fedora-gcc, r-patched-solaris-x86, r-release-osx-x86_64, r-oldrel-osx-x86_64

Version: 0.1.1
Check: examples
Result: ERROR
    Running examples in ‘eph-Ex.R’ failed
    The error most likely occurred in:
    
    > ### Name: get_poverty_lines
    > ### Title: Descarga de canasta basica alimentaria y canasta basica total
    > ### Aliases: get_poverty_lines
    >
    > ### ** Examples
    >
    >
    > canasta <- get_poverty_lines()
    trying URL 'https://www.indec.gob.ar/ftp/cuadros/sociedad/serie_cba_cbt.xls'
    Warning in utils::download.file(dataURL, destfile = temp, mode = "wb") :
     URL 'https://www.indec.gob.ar/ftp/cuadros/sociedad/serie_cba_cbt.xls': status was 'Couldn't connect to server'
    Error in utils::download.file(dataURL, destfile = temp, mode = "wb") :
     cannot open URL 'https://www.indec.gob.ar/ftp/cuadros/sociedad/serie_cba_cbt.xls'
    Calls: get_poverty_lines -> <Anonymous>
    Execution halted
Flavors: r-release-osx-x86_64, r-oldrel-osx-x86_64

Version: 0.1.1
Check: tests
Result: ERROR
     Running ‘testthat.R’ [4s/159s]
    Running the tests in ‘tests/testthat.R’ failed.
    Last 13 lines of output:
    
     trying URL 'https://www.indec.gob.ar/ftp/cuadros/sociedad/serie_cba_cbt.xls'
     ── 2. Error: test canasta (@test-get_poverty_lines.R#4) ───────────────────────
     cannot open URL 'https://www.indec.gob.ar/ftp/cuadros/sociedad/serie_cba_cbt.xls'
     Backtrace:
     1. eph::get_poverty_lines()
     2. utils::download.file(dataURL, destfile = temp, mode = "wb")
    
     ══ testthat results ═══════════════════════════════════════════════════════════
     [ OK: 11 | SKIPPED: 0 | WARNINGS: 4 | FAILED: 2 ]
     1. Error: nuevas bases (@test-get_microdata.R#18)
     2. Error: test canasta (@test-get_poverty_lines.R#4)
    
     Error: testthat unit tests failed
     Execution halted
Flavor: r-release-osx-x86_64

Version: 0.1.1
Check: tests
Result: ERROR
     Running ‘testthat.R’ [4s/157s]
    Running the tests in ‘tests/testthat.R’ failed.
    Last 13 lines of output:
    
     trying URL 'https://www.indec.gob.ar/ftp/cuadros/sociedad/serie_cba_cbt.xls'
     ── 2. Error: test canasta (@test-get_poverty_lines.R#4) ───────────────────────
     cannot open URL 'https://www.indec.gob.ar/ftp/cuadros/sociedad/serie_cba_cbt.xls'
     Backtrace:
     1. eph::get_poverty_lines()
     2. utils::download.file(dataURL, destfile = temp, mode = "wb")
    
     ══ testthat results ═══════════════════════════════════════════════════════════
     [ OK: 11 | SKIPPED: 0 | WARNINGS: 4 | FAILED: 2 ]
     1. Error: nuevas bases (@test-get_microdata.R#18)
     2. Error: test canasta (@test-get_poverty_lines.R#4)
    
     Error: testthat unit tests failed
     Execution halted
Flavor: r-oldrel-osx-x86_64