CRAN Package Check Results for Package epca

Last updated on 2022-01-21 23:48:45 CET.

Flavor Version Tinstall Tcheck Ttotal Status Flags
r-devel-linux-x86_64-debian-clang 1.0.0 2.94 56.58 59.52 OK
r-devel-linux-x86_64-debian-gcc 1.0.0 2.23 41.71 43.94 OK
r-devel-linux-x86_64-fedora-clang 1.0.0 74.70 NOTE
r-devel-linux-x86_64-fedora-gcc 1.0.0 72.85 NOTE
r-devel-windows-x86_64-new-UL 1.0.0 30.00 97.00 127.00 OK
r-devel-windows-x86_64-new-TK 1.0.0 NOTE
r-patched-linux-x86_64 1.0.0 2.58 57.47 60.05 OK
r-release-linux-x86_64 1.0.0 2.40 52.09 54.49 OK
r-release-macos-arm64 1.0.0 NOTE
r-release-macos-x86_64 1.0.0 NOTE
r-release-windows-ix86+x86_64 1.0.0 8.00 69.00 77.00 OK
r-oldrel-macos-x86_64 1.0.0 NOTE
r-oldrel-windows-ix86+x86_64 1.0.0 9.00 76.00 85.00 OK

Check Details

Version: 1.0.0
Check: dependencies in R code
Result: NOTE
    Namespaces in Imports field not imported from:
     ‘RSpectra’ ‘tidyverse’
     All declared Imports should be used.
Flavors: r-devel-linux-x86_64-fedora-clang, r-devel-linux-x86_64-fedora-gcc, r-devel-windows-x86_64-new-TK, r-release-macos-arm64, r-release-macos-x86_64, r-oldrel-macos-x86_64