CRAN Package Check Results for Package entropy

Last updated on 2024-07-15 00:49:42 CEST.

Flavor Version Tinstall Tcheck Ttotal Status Flags
r-devel-linux-x86_64-debian-clang 1.3.1 2.50 25.96 28.46 NOTE
r-devel-linux-x86_64-debian-gcc 1.3.1 2.14 19.78 21.92 NOTE
r-devel-linux-x86_64-fedora-clang 1.3.1 36.06 NOTE
r-devel-linux-x86_64-fedora-gcc 1.3.1 33.66 NOTE
r-devel-windows-x86_64 1.3.1 3.00 41.00 44.00 NOTE
r-patched-linux-x86_64 1.3.1 3.13 25.40 28.53 NOTE
r-release-linux-x86_64 1.3.1 2.20 24.16 26.36 NOTE
r-release-macos-arm64 1.3.1 15.00 NOTE
r-release-macos-x86_64 1.3.1 22.00 NOTE
r-release-windows-x86_64 1.3.1 2.00 40.00 42.00 NOTE
r-oldrel-macos-arm64 1.3.1 16.00 OK
r-oldrel-macos-x86_64 1.3.1 21.00 OK
r-oldrel-windows-x86_64 1.3.1 3.00 41.00 44.00 OK

Check Details

Version: 1.3.1
Check: Rd files
Result: NOTE checkRd: (-1) entropy.Dirichlet.Rd:65: Lost braces in \itemize; meant \describe ? checkRd: (-1) entropy.Dirichlet.Rd:66: Lost braces in \itemize; meant \describe ? checkRd: (-1) entropy.Dirichlet.Rd:67: Lost braces in \itemize; meant \describe ? checkRd: (-1) entropy.Dirichlet.Rd:68: Lost braces in \itemize; meant \describe ? checkRd: (-1) entropy.Dirichlet.Rd:69: Lost braces in \itemize; meant \describe ? checkRd: (-1) entropy.Rd:34: Lost braces in \itemize; meant \describe ? checkRd: (-1) entropy.Rd:35: Lost braces in \itemize; meant \describe ? checkRd: (-1) entropy.Rd:36: Lost braces in \itemize; meant \describe ? checkRd: (-1) entropy.Rd:37: Lost braces in \itemize; meant \describe ? checkRd: (-1) entropy.Rd:38: Lost braces in \itemize; meant \describe ? checkRd: (-1) entropy.Rd:39: Lost braces in \itemize; meant \describe ? checkRd: (-1) entropy.Rd:40: Lost braces in \itemize; meant \describe ? checkRd: (-1) entropy.Rd:41: Lost braces in \itemize; meant \describe ? checkRd: (-1) entropy.Rd:42: Lost braces in \itemize; meant \describe ? Flavors: r-devel-linux-x86_64-debian-clang, r-devel-linux-x86_64-debian-gcc, r-devel-linux-x86_64-fedora-clang, r-devel-linux-x86_64-fedora-gcc, r-devel-windows-x86_64, r-patched-linux-x86_64, r-release-linux-x86_64, r-release-macos-arm64, r-release-macos-x86_64, r-release-windows-x86_64