CRAN Package Check Results for Package ensembleTax

Last updated on 2022-08-08 23:52:56 CEST.

Flavor Version Tinstall Tcheck Ttotal Status Flags
r-devel-linux-x86_64-debian-clang 1.1.1 5.81 60.73 66.54 OK
r-devel-linux-x86_64-debian-gcc 1.1.1 3.85 46.40 50.25 OK
r-devel-linux-x86_64-fedora-clang 1.1.1 94.96 NOTE
r-devel-linux-x86_64-fedora-gcc 1.1.1 90.33 NOTE
r-devel-windows-x86_64 1.1.1 31.00 97.00 128.00 OK
r-patched-linux-x86_64 1.1.1 5.76 57.84 63.60 OK
r-release-linux-x86_64 1.1.1 OK
r-release-macos-arm64 1.1.1 35.00 NOTE
r-release-macos-x86_64 1.1.1 52.00 NOTE
r-release-windows-x86_64 1.1.1 32.00 93.00 125.00 OK
r-oldrel-macos-arm64 1.1.1 66.00 NOTE
r-oldrel-macos-x86_64 1.1.1 41.00 NOTE
r-oldrel-windows-ix86+x86_64 1.1.1 12.00 83.00 95.00 OK

Check Details

Version: 1.1.1
Check: dependencies in R code
Result: NOTE
    Namespaces in Imports field not imported from:
     ‘Biostrings’ ‘DECIPHER’ ‘ggplot2’ ‘reshape2’ ‘usethis’
     All declared Imports should be used.
Flavors: r-devel-linux-x86_64-fedora-clang, r-devel-linux-x86_64-fedora-gcc, r-release-macos-arm64, r-release-macos-x86_64, r-oldrel-macos-arm64, r-oldrel-macos-x86_64