CRAN Package Check Results for Package enrichR

Last updated on 2019-07-15 00:50:29 CEST.

Flavor Version Tinstall Tcheck Ttotal Status Flags
r-devel-linux-x86_64-debian-clang 1.0 1.67 19.34 21.01 WARN
r-devel-linux-x86_64-debian-gcc 1.0 1.15 15.62 16.77 WARN
r-devel-linux-x86_64-fedora-clang 1.0 25.86 WARN
r-devel-linux-x86_64-fedora-gcc 1.0 26.10 WARN
r-devel-windows-ix86+x86_64 1.0 4.00 99.00 103.00 WARN
r-patched-linux-x86_64 1.0 1.63 19.29 20.92 WARN
r-patched-solaris-x86 1.0 35.90 WARN
r-release-linux-x86_64 1.0 1.72 19.02 20.74 WARN
r-release-windows-ix86+x86_64 1.0 4.00 84.00 88.00 OK
r-release-osx-x86_64 1.0 OK
r-oldrel-windows-ix86+x86_64 1.0 5.00 227.00 232.00 WARN
r-oldrel-osx-x86_64 1.0 OK

Check Details

Version: 1.0
Check: re-building of vignette outputs
Result: WARN
    Error(s) in re-building vignettes:
     ...
    --- re-building 'enrichR.Rmd' using rmarkdown
    Quitting from lines 39-41 (enrichR.Rmd)
    Error: processing vignette 'enrichR.Rmd' failed with diagnostics:
    unexpected character '<'
    
    --- failed re-building 'enrichR.Rmd'
    
    SUMMARY: processing the following file failed:
     'enrichR.Rmd'
    
    Error: Vignette re-building failed.
    Execution halted
Flavors: r-devel-linux-x86_64-debian-clang, r-devel-linux-x86_64-debian-gcc, r-patched-linux-x86_64, r-release-linux-x86_64

Version: 1.0
Check: re-building of vignette outputs
Result: WARN
    Error(s) in re-building vignettes:
    --- re-building ‘enrichR.Rmd’ using rmarkdown
    Quitting from lines 39-41 (enrichR.Rmd)
    Error: processing vignette 'enrichR.Rmd' failed with diagnostics:
    unexpected character '<'
    
    --- failed re-building ‘enrichR.Rmd’
    
    SUMMARY: processing the following file failed:
     ‘enrichR.Rmd’
    
    Error: Vignette re-building failed.
    Execution halted
Flavors: r-devel-linux-x86_64-fedora-clang, r-devel-linux-x86_64-fedora-gcc, r-devel-windows-ix86+x86_64

Version: 1.0
Check: re-building of vignette outputs
Result: WARN
    Error(s) in re-building vignettes:
     ...
    --- re-building ‘enrichR.Rmd’ using rmarkdown
    Warning in engine$weave(file, quiet = quiet, encoding = enc) :
     Pandoc (>= 1.12.3) and/or pandoc-citeproc not available. Falling back to R Markdown v1.
    Quitting from lines 39-41 (enrichR.Rmd)
    Error: processing vignette 'enrichR.Rmd' failed with diagnostics:
    unexpected character '<'
    
    --- failed re-building ‘enrichR.Rmd’
    
    SUMMARY: processing the following file failed:
     ‘enrichR.Rmd’
    
    Error: Vignette re-building failed.
    Execution halted
Flavor: r-patched-solaris-x86

Version: 1.0
Check: re-building of vignette outputs
Result: WARN
    Error in re-building vignettes:
     ...
    Quitting from lines 39-41 (enrichR.Rmd)
    Error: processing vignette 'enrichR.Rmd' failed with diagnostics:
    unexpected character '<'
    Execution halted
Flavor: r-oldrel-windows-ix86+x86_64