Last updated on 2023-03-27 00:50:23 CEST.
Flavor | Version | Tinstall | Tcheck | Ttotal | Status | Flags |
---|---|---|---|---|---|---|
r-devel-linux-x86_64-debian-clang | 1.0.0 | 34.70 | 240.23 | 274.93 | OK | |
r-devel-linux-x86_64-debian-gcc | 1.0.0 | 30.97 | 174.49 | 205.46 | OK | |
r-devel-linux-x86_64-fedora-gcc | 1.0.0 | 355.85 | OK | |||
r-patched-linux-x86_64 | 1.0.0 | 35.30 | 223.78 | 259.08 | OK | |
r-release-linux-x86_64 | 1.0.0 | 36.85 | 223.47 | 260.32 | OK | |
r-release-macos-arm64 | 1.0.0 | 67.00 | OK | |||
r-release-macos-x86_64 | 1.0.0 | 98.00 | OK | |||
r-release-windows-x86_64 | 1.0.0 | 47.00 | 261.00 | 308.00 | OK | |
r-oldrel-macos-arm64 | 1.0.0 | 66.00 | OK | |||
r-oldrel-macos-x86_64 | 1.0.0 | 96.00 | OK | |||
r-oldrel-windows-ix86+x86_64 | 1.0.0 | 93.00 | 320.00 | 413.00 | WARN |
Version: 1.0.0
Check: whether package can be installed
Result: WARN
Found the following significant warnings:
neighbours.h:17:12: warning: passing NULL to non-pointer argument 1 of 'Rcpp::Vector<RTYPE, StoragePolicy>::Vector(const int&) [with int RTYPE = 14; StoragePolicy = Rcpp::PreserveStorage]' [-Wconversion-null]
neighbours.h:20:12: warning: passing NULL to non-pointer argument 1 of 'Rcpp::Vector<RTYPE, StoragePolicy>::Vector(const int&) [with int RTYPE = 14; StoragePolicy = Rcpp::PreserveStorage]' [-Wconversion-null]
neighbours.h:39:12: warning: passing NULL to non-pointer argument 1 of 'Rcpp::Vector<RTYPE, StoragePolicy>::Vector(const int&) [with int RTYPE = 14; StoragePolicy = Rcpp::PreserveStorage]' [-Wconversion-null]
Flavor: r-oldrel-windows-ix86+x86_64