CRAN Package Check Results for Package encode

Last updated on 2023-10-04 00:58:21 CEST.

Flavor Version Tinstall Tcheck Ttotal Status Flags
r-devel-linux-x86_64-debian-clang 0.3.6 2.11 21.80 23.91 NOTE
r-devel-linux-x86_64-debian-gcc 0.3.6 1.82 17.20 19.02 NOTE
r-devel-linux-x86_64-fedora-clang 0.3.6 30.33 NOTE
r-devel-linux-x86_64-fedora-gcc 0.3.6 29.44 NOTE
r-devel-windows-x86_64 0.3.6 3.00 42.00 45.00 NOTE
r-patched-linux-x86_64 0.3.6 2.30 21.40 23.70 NOTE
r-release-linux-x86_64 0.3.6 1.89 21.90 23.79 NOTE
r-release-macos-arm64 0.3.6 15.00 NOTE
r-release-macos-x86_64 0.3.6 19.00 NOTE
r-release-windows-x86_64 0.3.6 3.00 39.00 42.00 NOTE
r-oldrel-macos-arm64 0.3.6 16.00 NOTE
r-oldrel-macos-x86_64 0.3.6 21.00 NOTE
r-oldrel-windows-x86_64 0.3.6 4.00 40.00 44.00 NOTE

Check Details

Version: 0.3.6
Check: Rd files
Result: NOTE
    checkRd: (-1) encode.character.Rd:22: Escaped LaTeX specials: \~
Flavors: r-devel-linux-x86_64-debian-clang, r-devel-linux-x86_64-debian-gcc, r-devel-linux-x86_64-fedora-clang, r-devel-linux-x86_64-fedora-gcc, r-devel-windows-x86_64, r-patched-linux-x86_64, r-release-linux-x86_64, r-release-macos-arm64, r-release-macos-x86_64, r-release-windows-x86_64

Version: 0.3.6
Check: LazyData
Result: NOTE
     'LazyData' is specified without a 'data' directory
Flavors: r-devel-linux-x86_64-debian-clang, r-devel-linux-x86_64-debian-gcc, r-devel-linux-x86_64-fedora-clang, r-devel-linux-x86_64-fedora-gcc, r-devel-windows-x86_64, r-patched-linux-x86_64, r-release-linux-x86_64, r-release-macos-arm64, r-release-macos-x86_64, r-release-windows-x86_64, r-oldrel-macos-arm64, r-oldrel-macos-x86_64, r-oldrel-windows-x86_64