CRAN Package Check Results for Package enc

Last updated on 2023-01-27 23:37:56 CET.

Flavor Version Tinstall Tcheck Ttotal Status Flags
r-devel-linux-x86_64-debian-clang 0.2.2 3.18 28.06 31.24 NOTE
r-devel-linux-x86_64-debian-gcc 0.2.2 2.58 22.25 24.83 NOTE
r-devel-linux-x86_64-fedora-clang 0.2.2 40.37 NOTE
r-devel-linux-x86_64-fedora-gcc 0.2.2 39.26 NOTE
r-devel-windows-x86_64 0.2.2 18.00 55.00 73.00 NOTE
r-patched-linux-x86_64 0.2.2 3.06 27.55 30.61 NOTE
r-release-linux-x86_64 0.2.2 2.82 28.00 30.82 NOTE
r-release-macos-arm64 0.2.2 19.00 NOTE
r-release-macos-x86_64 0.2.2 23.00 NOTE
r-release-windows-x86_64 0.2.2 25.00 56.00 81.00 NOTE
r-oldrel-macos-arm64 0.2.2 23.00 NOTE
r-oldrel-macos-x86_64 0.2.2 30.00 NOTE
r-oldrel-windows-ix86+x86_64 0.2.2 13.00 62.00 75.00 NOTE

Check Details

Version: 0.2.2
Check: LazyData
Result: NOTE
     'LazyData' is specified without a 'data' directory
Flavors: r-devel-linux-x86_64-debian-clang, r-devel-linux-x86_64-debian-gcc, r-devel-linux-x86_64-fedora-clang, r-devel-linux-x86_64-fedora-gcc, r-devel-windows-x86_64, r-patched-linux-x86_64, r-release-linux-x86_64, r-release-macos-arm64, r-release-macos-x86_64, r-release-windows-x86_64, r-oldrel-macos-arm64, r-oldrel-macos-x86_64, r-oldrel-windows-ix86+x86_64