Last updated on 2021-03-01 23:48:54 CET.
Flavor | Version | Tinstall | Tcheck | Ttotal | Status | Flags |
---|---|---|---|---|---|---|
r-devel-linux-x86_64-debian-clang | 0.5.3 | OK | ||||
r-devel-linux-x86_64-debian-gcc | 0.5.3 | 3.85 | 39.25 | 43.10 | OK | |
r-devel-linux-x86_64-fedora-clang | 0.5.3 | 78.01 | NOTE | |||
r-devel-linux-x86_64-fedora-gcc | 0.5.3 | 64.84 | OK | |||
r-devel-windows-ix86+x86_64 | 0.5.3 | 17.00 | 50.00 | 67.00 | NOTE | |
r-patched-linux-x86_64 | 0.5.3 | 5.00 | 48.43 | 53.43 | OK | |
r-patched-solaris-x86 | 0.5.3 | 93.00 | NOTE | |||
r-release-linux-x86_64 | 0.5.3 | 4.57 | 48.51 | 53.08 | OK | |
r-release-macos-x86_64 | 0.5.3 | NOTE | ||||
r-release-windows-ix86+x86_64 | 0.5.3 | 15.00 | 69.00 | 84.00 | NOTE | |
r-oldrel-macos-x86_64 | 0.5.3 | NOTE | ||||
r-oldrel-windows-ix86+x86_64 | 0.5.3 | 10.00 | 71.00 | 81.00 | NOTE |
Version: 0.5.3
Check: installed package size
Result: NOTE
installed size is 7.0Mb
sub-directories of 1Mb or more:
emoji_fonts 6.5Mb
Flavors: r-devel-linux-x86_64-fedora-clang, r-devel-windows-ix86+x86_64, r-patched-solaris-x86, r-release-macos-x86_64, r-release-windows-ix86+x86_64, r-oldrel-macos-x86_64, r-oldrel-windows-ix86+x86_64