CRAN Package Check Results for Package emoa

Last updated on 2022-05-21 23:50:57 CEST.

Flavor Version Tinstall Tcheck Ttotal Status Flags
r-devel-linux-x86_64-debian-clang 0.5-0.1 6.29 35.34 41.63 OK
r-devel-linux-x86_64-debian-gcc 0.5-0.1 5.23 27.41 32.64 OK
r-devel-linux-x86_64-fedora-clang 0.5-0.1 51.13 NOTE
r-devel-linux-x86_64-fedora-gcc 0.5-0.1 49.06 NOTE
r-devel-windows-x86_64 0.5-0.1 36.00 55.00 91.00 OK
r-patched-linux-x86_64 0.5-0.1 5.88 33.58 39.46 OK
r-release-linux-x86_64 0.5-0.1 5.67 33.14 38.81 OK
r-release-macos-arm64 0.5-0.1 18.00 OK
r-release-macos-x86_64 0.5-0.1 24.00 OK
r-release-windows-x86_64 0.5-0.1 19.00 53.00 72.00 OK
r-oldrel-macos-arm64 0.5-0.1 23.00 OK
r-oldrel-macos-x86_64 0.5-0.1 34.00 OK
r-oldrel-windows-ix86+x86_64 0.5-0.1 21.00 48.00 69.00 OK

Check Details

Version: 0.5-0.1
Check: compiled code
Result: NOTE
    File ‘emoa/libs/emoa.so’:
     Found no calls to: ‘R_registerRoutines’, ‘R_useDynamicSymbols’
    
    It is good practice to register native routines and to disable symbol
    search.
    
    See ‘Writing portable packages’ in the ‘Writing R Extensions’ manual.
Flavors: r-devel-linux-x86_64-fedora-clang, r-devel-linux-x86_64-fedora-gcc