Last updated on 2022-05-27 23:54:44 CEST.
Flavor | Version | Tinstall | Tcheck | Ttotal | Status | Flags |
---|---|---|---|---|---|---|
r-devel-linux-x86_64-debian-clang | 2.1.1 | 55.81 | 451.54 | 507.35 | OK | |
r-devel-linux-x86_64-debian-gcc | 2.1.1 | 40.82 | 331.82 | 372.64 | OK | |
r-devel-linux-x86_64-fedora-clang | 2.1.1 | 598.33 | NOTE | |||
r-devel-linux-x86_64-fedora-gcc | 2.1.1 | 583.33 | NOTE | |||
r-devel-windows-x86_64 | 2.1.1 | 83.00 | 408.00 | 491.00 | OK | |
r-patched-linux-x86_64 | 2.1.1 | 42.76 | 427.61 | 470.37 | OK | |
r-release-linux-x86_64 | 2.1.1 | 35.40 | 429.55 | 464.95 | OK | |
r-release-macos-arm64 | 2.1.1 | 115.00 | NOTE | |||
r-release-macos-x86_64 | 2.1.1 | 206.00 | NOTE | |||
r-release-windows-x86_64 | 2.1.1 | 106.00 | 405.00 | 511.00 | OK | |
r-oldrel-macos-arm64 | 2.1.1 | 123.00 | NOTE | |||
r-oldrel-macos-x86_64 | 2.1.1 | 173.00 | NOTE | |||
r-oldrel-windows-ix86+x86_64 | 2.1.1 | 103.00 | 421.00 | 524.00 | OK |
Version: 2.1.1
Check: data for non-ASCII characters
Result: NOTE
Note: found 50 marked Latin-1 strings
Flavors: r-devel-linux-x86_64-fedora-clang, r-devel-linux-x86_64-fedora-gcc, r-release-macos-arm64, r-release-macos-x86_64, r-oldrel-macos-arm64, r-oldrel-macos-x86_64