CRAN Package Check Results for Package elhmc

Last updated on 2022-06-30 23:52:13 CEST.

Flavor Version Tinstall Tcheck Ttotal Status Flags
r-devel-linux-x86_64-debian-clang 1.1.0 3.02 31.91 34.93 NOTE
r-devel-linux-x86_64-debian-gcc 1.1.0 2.20 24.78 26.98 NOTE
r-devel-linux-x86_64-fedora-clang 1.1.0 53.30 NOTE
r-devel-linux-x86_64-fedora-gcc 1.1.0 52.12 NOTE
r-devel-windows-x86_64 1.1.0 7.00 57.00 64.00 NOTE
r-patched-linux-x86_64 1.1.0 2.99 32.06 35.05 NOTE
r-release-linux-x86_64 1.1.0 3.10 31.50 34.60 NOTE
r-release-macos-arm64 1.1.0 19.00 NOTE
r-release-macos-x86_64 1.1.0 24.00 NOTE
r-release-windows-x86_64 1.1.0 8.00 60.00 68.00 NOTE
r-oldrel-macos-arm64 1.1.0 24.00 NOTE
r-oldrel-macos-x86_64 1.1.0 27.00 NOTE
r-oldrel-windows-ix86+x86_64 1.1.0 8.00 53.00 61.00 NOTE

Check Details

Version: 1.1.0
Check: LazyData
Result: NOTE
     'LazyData' is specified without a 'data' directory
Flavors: r-devel-linux-x86_64-debian-clang, r-devel-linux-x86_64-debian-gcc, r-devel-linux-x86_64-fedora-clang, r-devel-linux-x86_64-fedora-gcc, r-devel-windows-x86_64, r-patched-linux-x86_64, r-release-linux-x86_64, r-release-macos-arm64, r-release-macos-x86_64, r-release-windows-x86_64, r-oldrel-macos-arm64, r-oldrel-macos-x86_64, r-oldrel-windows-ix86+x86_64