CRAN Package Check Results for Package einsum

Last updated on 2025-01-17 00:49:04 CET.

Flavor Version Tinstall Tcheck Ttotal Status Flags
r-devel-linux-x86_64-debian-clang 0.1.2 11.31 91.90 103.21 OK
r-devel-linux-x86_64-debian-gcc 0.1.2 8.36 67.14 75.50 OK
r-devel-linux-x86_64-fedora-clang 0.1.2 190.50 NOTE
r-devel-linux-x86_64-fedora-gcc 0.1.2 202.66 NOTE
r-devel-windows-x86_64 0.1.2 14.00 142.00 156.00 OK
r-patched-linux-x86_64 0.1.2 10.74 90.84 101.58 OK
r-release-linux-x86_64 0.1.2 11.48 88.79 100.27 OK
r-release-macos-arm64 0.1.2 64.00 OK
r-release-macos-x86_64 0.1.2 121.00 OK
r-release-windows-x86_64 0.1.2 15.00 153.00 168.00 OK
r-oldrel-macos-arm64 0.1.2 71.00 OK
r-oldrel-macos-x86_64 0.1.2 177.00 OK
r-oldrel-windows-x86_64 0.1.2 13.00 170.00 183.00 OK

Check Details

Version: 0.1.2
Check: dependencies in R code
Result: NOTE Namespace in Imports field not imported from: ‘mathjaxr’ All declared Imports should be used. Flavors: r-devel-linux-x86_64-fedora-clang, r-devel-linux-x86_64-fedora-gcc