CRAN Package Check Results for Package eechidna

Last updated on 2019-10-20 23:47:24 CEST.

Flavor Version Tinstall Tcheck Ttotal Status Flags
r-devel-linux-x86_64-debian-clang 1.3.0 11.36 105.14 116.50 OK
r-devel-linux-x86_64-debian-gcc 1.3.0 9.53 78.92 88.45 OK
r-devel-linux-x86_64-fedora-clang 1.3.0 138.93 OK
r-devel-linux-x86_64-fedora-gcc 1.3.0 136.19 OK
r-devel-windows-ix86+x86_64 1.3.0 31.00 122.00 153.00 OK
r-patched-linux-x86_64 1.3.0 12.66 98.43 111.09 OK
r-patched-solaris-x86 1.3.0 214.30 NOTE
r-release-linux-x86_64 1.3.0 11.94 100.29 112.23 OK
r-release-windows-ix86+x86_64 1.3.0 39.00 157.00 196.00 OK
r-release-osx-x86_64 1.3.0 OK
r-oldrel-windows-ix86+x86_64 1.3.0 18.00 119.00 137.00 OK
r-oldrel-osx-x86_64 1.3.0 OK

Check Details

Version: 1.3.0
Check: installed package size
Result: NOTE
     installed size is 5.0Mb
     sub-directories of 1Mb or more:
     data 3.9Mb
Flavor: r-patched-solaris-x86