Last updated on 2021-04-17 23:48:23 CEST.
Flavor | Version | Tinstall | Tcheck | Ttotal | Status | Flags |
---|---|---|---|---|---|---|
r-devel-linux-x86_64-debian-clang | 0.1.4 | 3.63 | 39.08 | 42.71 | NOTE | |
r-devel-linux-x86_64-debian-gcc | 0.1.4 | 2.82 | 30.36 | 33.18 | NOTE | |
r-devel-linux-x86_64-fedora-clang | 0.1.4 | 60.18 | NOTE | |||
r-devel-linux-x86_64-fedora-gcc | 0.1.4 | 49.71 | NOTE | |||
r-devel-windows-ix86+x86_64 | 0.1.4 | 10.00 | 58.00 | 68.00 | NOTE | |
r-devel-windows-x86_64-gcc10-UCRT | 0.1.4 | NOTE | ||||
r-patched-linux-x86_64 | 0.1.4 | 3.71 | 37.42 | 41.13 | OK | |
r-patched-solaris-x86 | 0.1.4 | 83.60 | OK | |||
r-release-linux-x86_64 | 0.1.4 | 3.94 | 37.11 | 41.05 | OK | |
r-release-macos-x86_64 | 0.1.4 | OK | ||||
r-release-windows-ix86+x86_64 | 0.1.4 | 35.00 | 65.00 | 100.00 | OK | |
r-oldrel-macos-x86_64 | 0.1.4 | OK | ||||
r-oldrel-windows-ix86+x86_64 | 0.1.4 | 6.00 | 54.00 | 60.00 | OK |
Version: 0.1.4
Check: LazyData
Result: NOTE
'LazyData' is specified without a 'data' directory
Flavors: r-devel-linux-x86_64-debian-clang, r-devel-linux-x86_64-debian-gcc, r-devel-linux-x86_64-fedora-clang, r-devel-linux-x86_64-fedora-gcc, r-devel-windows-ix86+x86_64, r-devel-windows-x86_64-gcc10-UCRT