Last updated on 2022-05-17 23:56:34 CEST.
Flavor | Version | Tinstall | Tcheck | Ttotal | Status | Flags |
---|---|---|---|---|---|---|
r-devel-linux-x86_64-debian-clang | 0.3.0 | 19.44 | 168.68 | 188.12 | OK | |
r-devel-linux-x86_64-debian-gcc | 0.3.0 | 13.39 | 123.52 | 136.91 | OK | |
r-devel-linux-x86_64-fedora-clang | 0.3.0 | 215.04 | NOTE | |||
r-devel-linux-x86_64-fedora-gcc | 0.3.0 | 223.18 | NOTE | |||
r-devel-windows-x86_64 | 0.3.0 | 38.00 | 189.00 | 227.00 | OK | |
r-patched-linux-x86_64 | 0.3.0 | 16.72 | 155.67 | 172.39 | OK | |
r-release-linux-x86_64 | 0.3.0 | 17.00 | 159.11 | 176.11 | OK | |
r-release-macos-arm64 | 0.3.0 | 60.00 | NOTE | |||
r-release-macos-x86_64 | 0.3.0 | 100.00 | NOTE | |||
r-release-windows-x86_64 | 0.3.0 | 46.00 | 187.00 | 233.00 | OK | |
r-oldrel-macos-arm64 | 0.3.0 | 64.00 | NOTE | |||
r-oldrel-macos-x86_64 | 0.3.0 | 110.00 | NOTE | |||
r-oldrel-windows-ix86+x86_64 | 0.3.0 | 40.00 | 171.00 | 211.00 | OK |
Version: 0.3.0
Check: dependencies in R code
Result: NOTE
Namespaces in Imports field not imported from:
‘dae’ ‘dplyr’
All declared Imports should be used.
Flavors: r-devel-linux-x86_64-fedora-clang, r-devel-linux-x86_64-fedora-gcc, r-release-macos-arm64, r-release-macos-x86_64, r-oldrel-macos-arm64, r-oldrel-macos-x86_64