Last updated on 2023-01-28 23:51:36 CET.
Flavor | Version | Tinstall | Tcheck | Ttotal | Status | Flags |
---|---|---|---|---|---|---|
r-devel-linux-x86_64-debian-clang | 1.2.9 | 17.70 | 89.75 | 107.45 | OK | |
r-devel-linux-x86_64-debian-gcc | 1.2.9 | 14.14 | 65.91 | 80.05 | OK | |
r-devel-linux-x86_64-fedora-clang | 1.2.9 | 145.03 | NOTE | |||
r-devel-linux-x86_64-fedora-gcc | 1.2.9 | 137.78 | NOTE | |||
r-devel-windows-x86_64 | 1.2.9 | 41.00 | 120.00 | 161.00 | OK | |
r-patched-linux-x86_64 | 1.2.9 | 18.65 | 83.93 | 102.58 | OK | |
r-release-linux-x86_64 | 1.2.9 | 15.78 | 86.13 | 101.91 | OK | |
r-release-macos-arm64 | 1.2.9 | 29.00 | NOTE | |||
r-release-macos-x86_64 | 1.2.9 | 47.00 | NOTE | |||
r-release-windows-x86_64 | 1.2.9 | 55.00 | 116.00 | 171.00 | OK | |
r-oldrel-macos-arm64 | 1.2.9 | 32.00 | NOTE | |||
r-oldrel-macos-x86_64 | 1.2.9 | 47.00 | NOTE | |||
r-oldrel-windows-ix86+x86_64 | 1.2.9 | 27.00 | 101.00 | 128.00 | OK |
Version: 1.2.9
Check: data for non-ASCII characters
Result: NOTE
Note: found 5 marked UTF-8 strings
Flavors: r-devel-linux-x86_64-fedora-clang, r-devel-linux-x86_64-fedora-gcc, r-release-macos-arm64, r-release-macos-x86_64, r-oldrel-macos-arm64, r-oldrel-macos-x86_64