CRAN Package Check Results for Package ecospat

Last updated on 2020-11-27 00:08:53 CET.

Flavor Version Tinstall Tcheck Ttotal Status Flags
r-devel-linux-x86_64-debian-clang 3.1 35.48 345.30 380.78 OK
r-devel-linux-x86_64-debian-gcc 3.1 32.46 260.16 292.62 OK
r-devel-linux-x86_64-fedora-clang 3.1 456.13 NOTE
r-devel-linux-x86_64-fedora-gcc 3.1 466.39 NOTE
r-devel-windows-ix86+x86_64 3.1 87.00 401.00 488.00 OK
r-patched-linux-x86_64 3.1 34.42 322.48 356.90 OK
r-patched-solaris-x86 3.1 620.90 NOTE
r-release-linux-x86_64 3.1 32.27 324.35 356.62 OK
r-release-macos-x86_64 3.1 NOTE
r-release-windows-ix86+x86_64 3.1 97.00 341.00 438.00 OK
r-oldrel-macos-x86_64 3.1 NOTE
r-oldrel-windows-ix86+x86_64 3.1 57.00 408.00 465.00 OK

Check Details

Version: 3.1
Check: package dependencies
Result: NOTE
    Imports includes 21 non-default packages.
    Importing from so many packages makes the package vulnerable to any of
    them becoming unavailable. Move as many as possible to Suggests and
    use conditionally.
Flavor: r-devel-linux-x86_64-fedora-clang

Version: 3.1
Check: dependencies in R code
Result: NOTE
    Namespace in Imports field not imported from: ‘maps’
     All declared Imports should be used.
Flavors: r-devel-linux-x86_64-fedora-clang, r-devel-linux-x86_64-fedora-gcc, r-patched-solaris-x86, r-release-macos-x86_64, r-oldrel-macos-x86_64