CRAN Package Check Results for Package economiccomplexity

Last updated on 2022-08-06 22:59:25 CEST.

Flavor Version Tinstall Tcheck Ttotal Status Flags
r-devel-linux-x86_64-debian-clang 1.1 8.69 163.17 171.86 OK
r-devel-linux-x86_64-debian-gcc 1.1 7.80 127.80 135.60 OK
r-devel-linux-x86_64-fedora-clang 1.1 231.76 NOTE
r-devel-linux-x86_64-fedora-gcc 1.1 217.61 NOTE
r-devel-windows-x86_64 1.1 95.00 204.00 299.00 OK
r-patched-linux-x86_64 1.1 10.42 157.89 168.31 OK
r-release-linux-x86_64 1.1 8.92 157.72 166.64 OK
r-release-macos-arm64 1.1 65.00 NOTE
r-release-macos-x86_64 1.1 96.00 NOTE
r-release-windows-x86_64 1.1 54.00 200.00 254.00 OK
r-oldrel-macos-arm64 1.1 80.00 NOTE
r-oldrel-macos-x86_64 1.1 139.00 NOTE
r-oldrel-windows-ix86+x86_64 1.1 21.00 147.00 168.00 OK

Check Details

Version: 1.1
Check: dependencies in R code
Result: NOTE
    Namespace in Imports field not imported from: ‘Rdpack’
     All declared Imports should be used.
Flavors: r-devel-linux-x86_64-fedora-clang, r-devel-linux-x86_64-fedora-gcc, r-release-macos-arm64, r-release-macos-x86_64, r-oldrel-macos-arm64, r-oldrel-macos-x86_64