CRAN Package Check Results for Package econetwork

Last updated on 2021-04-21 23:48:00 CEST.

Flavor Version Tinstall Tcheck Ttotal Status Flags
r-devel-linux-x86_64-debian-clang 0.5.1 54.42 112.36 166.78 OK
r-devel-linux-x86_64-debian-gcc 0.5.1 38.00 85.30 123.30 OK
r-devel-linux-x86_64-fedora-clang 0.5.1 222.41 NOTE
r-devel-linux-x86_64-fedora-gcc 0.5.1 200.86 OK
r-devel-windows-ix86+x86_64 0.5.1 130.00 195.00 325.00 OK
r-devel-windows-x86_64-gcc10-UCRT 0.5.1 OK
r-patched-linux-x86_64 0.5.1 43.10 103.80 146.90 WARN
r-patched-solaris-x86 0.5.1 263.10 OK
r-release-linux-x86_64 0.5.1 44.55 103.65 148.20 OK
r-release-macos-x86_64 0.5.1 NOTE
r-release-windows-ix86+x86_64 0.5.1 128.00 198.00 326.00 OK
r-oldrel-macos-x86_64 0.5.1 NOTE
r-oldrel-windows-ix86+x86_64 0.5.1 117.00 174.00 291.00 OK

Check Details

Version: 0.5.1
Check: installed package size
Result: NOTE
     installed size is 9.2Mb
     sub-directories of 1Mb or more:
     libs 9.0Mb
Flavors: r-devel-linux-x86_64-fedora-clang, r-release-macos-x86_64, r-oldrel-macos-x86_64

Version: 0.5.1
Check: whether package can be installed
Result: WARN
    Found the following significant warnings:
     Rd warning: /tmp/RtmpBFmwUR/R.INSTALL65b3aef0ea1/econetwork/man/econetwork.Rd:34: file link ‘igraph’ in package ‘igraph’ does not exist and so has been treated as a topic
     Rd warning: /tmp/RtmpBFmwUR/R.INSTALL65b3aef0ea1/econetwork/man/econetwork.Rd:35: file link ‘bipartite’ in package ‘bipartite’ does not exist and so has been treated as a topic
Flavor: r-patched-linux-x86_64