CRAN Package Check Results for Package ebdbNet

Last updated on 2021-04-17 23:48:23 CEST.

Flavor Version Tinstall Tcheck Ttotal Status Flags
r-devel-linux-x86_64-debian-clang 1.2.5 8.35 33.59 41.94 OK
r-devel-linux-x86_64-debian-gcc 1.2.5 4.81 26.68 31.49 OK
r-devel-linux-x86_64-fedora-clang 1.2.5 59.94 NOTE
r-devel-linux-x86_64-fedora-gcc 1.2.5 48.09 NOTE
r-devel-windows-ix86+x86_64 1.2.5 16.00 58.00 74.00 OK
r-devel-windows-x86_64-gcc10-UCRT 1.2.5 OK
r-patched-linux-x86_64 1.2.5 5.78 32.11 37.89 OK
r-patched-solaris-x86 1.2.5 74.30 OK
r-release-linux-x86_64 1.2.5 5.86 31.81 37.67 OK
r-release-macos-x86_64 1.2.5 OK
r-release-windows-ix86+x86_64 1.2.5 12.00 67.00 79.00 OK
r-oldrel-macos-x86_64 1.2.5 OK
r-oldrel-windows-ix86+x86_64 1.2.5 11.00 56.00 67.00 OK

Check Details

Version: 1.2.5
Check: compiled code
Result: NOTE
    File ‘ebdbNet/libs/ebdbNet.so’:
     Found no calls to: ‘R_registerRoutines’, ‘R_useDynamicSymbols’
    
    It is good practice to register native routines and to disable symbol
    search.
    
    See ‘Writing portable packages’ in the ‘Writing R Extensions’ manual.
Flavors: r-devel-linux-x86_64-fedora-clang, r-devel-linux-x86_64-fedora-gcc