CRAN Package Check Results for Package easyVerification

Last updated on 2022-12-04 23:53:32 CET.

Flavor Version Tinstall Tcheck Ttotal Status Flags
r-devel-linux-x86_64-debian-clang 0.4.4 26.38 49.45 75.83 NOTE
r-devel-linux-x86_64-debian-gcc 0.4.4 21.69 38.49 60.18 NOTE
r-devel-linux-x86_64-fedora-clang 0.4.4 123.19 NOTE
r-devel-linux-x86_64-fedora-gcc 0.4.4 111.71 NOTE
r-devel-windows-x86_64 0.4.4 50.00 109.00 159.00 NOTE
r-patched-linux-x86_64 0.4.4 25.26 45.88 71.14 NOTE
r-release-linux-x86_64 0.4.4 25.43 49.81 75.24 NOTE
r-release-macos-arm64 0.4.4 32.00 NOTE
r-release-macos-x86_64 0.4.4 41.00 NOTE
r-release-windows-x86_64 0.4.4 78.00 109.00 187.00 NOTE
r-oldrel-macos-arm64 0.4.4 36.00 NOTE
r-oldrel-macos-x86_64 0.4.4 57.00 NOTE
r-oldrel-windows-ix86+x86_64 0.4.4 74.00 124.00 198.00 NOTE

Check Details

Version: 0.4.4
Check: LazyData
Result: NOTE
     'LazyData' is specified without a 'data' directory
Flavors: r-devel-linux-x86_64-debian-clang, r-devel-linux-x86_64-debian-gcc, r-devel-linux-x86_64-fedora-clang, r-devel-linux-x86_64-fedora-gcc, r-devel-windows-x86_64, r-patched-linux-x86_64, r-release-linux-x86_64, r-release-macos-arm64, r-release-macos-x86_64, r-release-windows-x86_64, r-oldrel-macos-arm64, r-oldrel-macos-x86_64, r-oldrel-windows-ix86+x86_64