CRAN Package Check Results for Package earthtide

Last updated on 2022-08-18 23:58:24 CEST.

Flavor Version Tinstall Tcheck Ttotal Status Flags
r-devel-linux-x86_64-debian-clang 0.0.14 51.13 101.96 153.09 OK
r-devel-linux-x86_64-debian-gcc 0.0.14 42.44 76.57 119.01 OK
r-devel-linux-x86_64-fedora-clang 0.0.14 220.94 OK
r-devel-linux-x86_64-fedora-gcc 0.0.14 229.33 OK
r-devel-windows-x86_64 0.0.14 57.00 137.00 194.00 OK
r-patched-linux-x86_64 0.0.14 41.73 99.06 140.79 OK
r-release-linux-x86_64 0.0.14 OK
r-release-macos-arm64 0.0.14 56.00 NOTE
r-release-macos-x86_64 0.0.14 77.00 NOTE
r-release-windows-x86_64 0.0.14 64.00 130.00 194.00 OK
r-oldrel-macos-arm64 0.0.14 52.00 NOTE
r-oldrel-macos-x86_64 0.0.14 101.00 NOTE
r-oldrel-windows-ix86+x86_64 0.0.14 119.00 169.00 288.00 OK

Check Details

Version: 0.0.14
Check: installed package size
Result: NOTE
     installed size is 6.8Mb
     sub-directories of 1Mb or more:
     R 2.2Mb
     libs 4.1Mb
Flavors: r-release-macos-arm64, r-release-macos-x86_64, r-oldrel-macos-arm64, r-oldrel-macos-x86_64