Last updated on 2021-03-02 23:48:30 CET.
Flavor | Version | Tinstall | Tcheck | Ttotal | Status | Flags |
---|---|---|---|---|---|---|
r-devel-linux-x86_64-debian-clang | 0.0.5 | OK | ||||
r-devel-linux-x86_64-debian-gcc | 0.0.5 | 3.22 | 49.60 | 52.82 | OK | |
r-devel-linux-x86_64-fedora-clang | 0.0.5 | 91.42 | OK | |||
r-devel-linux-x86_64-fedora-gcc | 0.0.5 | 81.08 | OK | |||
r-devel-windows-ix86+x86_64 | 0.0.5 | 13.00 | 90.00 | 103.00 | OK | |
r-patched-linux-x86_64 | 0.0.5 | 2.67 | 61.85 | 64.52 | OK | |
r-patched-solaris-x86 | 0.0.5 | 119.70 | OK | |||
r-release-linux-x86_64 | 0.0.5 | 4.01 | 62.90 | 66.91 | OK | |
r-release-macos-x86_64 | 0.0.5 | OK | ||||
r-release-windows-ix86+x86_64 | 0.0.5 | 12.00 | 73.00 | 85.00 | OK | |
r-oldrel-macos-x86_64 | 0.0.5 | NOTE | ||||
r-oldrel-windows-ix86+x86_64 | 0.0.5 | 10.00 | 87.00 | 97.00 | NOTE |
Version: 0.0.5
Check: R code for possible problems
Result: NOTE
points.earlyR: no visible global function definition for ‘plot’
Undefined global functions or variables:
plot
Consider adding
importFrom("graphics", "plot")
to your NAMESPACE file.
Flavors: r-oldrel-macos-x86_64, r-oldrel-windows-ix86+x86_64