CRAN Package Check Results for Package eDMA

Last updated on 2022-11-26 23:58:13 CET.

Flavor Version Tinstall Tcheck Ttotal Status Flags
r-devel-linux-x86_64-debian-clang 1.5-3 116.99 38.79 155.78 OK
r-devel-linux-x86_64-debian-gcc 1.5-3 95.73 30.74 126.47 OK
r-devel-linux-x86_64-fedora-clang 1.5-3 247.69 OK
r-devel-linux-x86_64-fedora-gcc 1.5-3 223.43 OK
r-devel-windows-x86_64 1.5-3 96.00 88.00 184.00 OK
r-patched-linux-x86_64 1.5-3 OK
r-release-linux-x86_64 1.5-3 98.99 37.02 136.01 OK
r-release-macos-arm64 1.5-3 47.00 OK
r-release-macos-x86_64 1.5-3 64.00 OK
r-release-windows-x86_64 1.5-3 105.00 91.00 196.00 OK
r-oldrel-macos-arm64 1.5-3 51.00 NOTE
r-oldrel-macos-x86_64 1.5-3 100.00 OK
r-oldrel-windows-ix86+x86_64 1.5-3 292.00 86.00 378.00 OK

Check Details

Version: 1.5-3
Check: installed package size
Result: NOTE
     installed size is 5.5Mb
     sub-directories of 1Mb or more:
     libs 5.2Mb
Flavor: r-oldrel-macos-arm64